Last updated on 2025-05-08 20:49:48 CEST.
Flavor | Version | Tinstall | Tcheck | Ttotal | Status | Flags |
---|---|---|---|---|---|---|
r-devel-linux-x86_64-debian-clang | 1.1.1.0 | 6.94 | 59.24 | 66.18 | NOTE | |
r-devel-linux-x86_64-debian-gcc | 1.1.1.0 | 4.98 | 44.40 | 49.38 | NOTE | |
r-devel-linux-x86_64-fedora-clang | 1.1.1.0 | 106.61 | OK | |||
r-devel-linux-x86_64-fedora-gcc | 1.1.1.0 | 97.72 | OK | |||
r-devel-windows-x86_64 | 1.1.1.0 | 8.00 | 71.00 | 79.00 | OK | |
r-patched-linux-x86_64 | 1.1.1.0 | 5.74 | 56.97 | 62.71 | OK | |
r-release-linux-x86_64 | 1.1.1.0 | 5.30 | 57.55 | 62.85 | OK | |
r-release-macos-arm64 | 1.1.1.0 | 33.00 | OK | |||
r-release-macos-x86_64 | 1.1.1.0 | 60.00 | OK | |||
r-release-windows-x86_64 | 1.1.1.0 | 7.00 | 72.00 | 79.00 | OK | |
r-oldrel-macos-arm64 | 1.1.1.0 | 32.00 | OK | |||
r-oldrel-macos-x86_64 | 1.1.1.0 | 49.00 | OK | |||
r-oldrel-windows-x86_64 | 1.1.1.0 | 10.00 | 86.00 | 96.00 | OK |
Version: 1.1.1.0
Check: CRAN incoming feasibility
Result: NOTE
Maintainer: ‘Liang He <lianghe@mit.edu>’
No Authors@R field in DESCRIPTION.
Please add one, modifying
Authors@R: person(given = "Liang",
family = "He",
role = c("aut", "cre"),
email = "lianghe@mit.edu")
as necessary.
Flavors: r-devel-linux-x86_64-debian-clang, r-devel-linux-x86_64-debian-gcc