Last updated on 2024-07-17 20:57:11 CEST.
Flavor | Version | Tinstall | Tcheck | Ttotal | Status | Flags |
---|---|---|---|---|---|---|
r-devel-linux-x86_64-debian-clang | 1.9 | 13.15 | 102.04 | 115.19 | OK | |
r-devel-linux-x86_64-debian-gcc | 1.9 | 8.14 | 76.40 | 84.54 | OK | |
r-devel-linux-x86_64-fedora-clang | 1.9 | 140.30 | OK | |||
r-devel-linux-x86_64-fedora-gcc | 1.9 | 133.67 | OK | |||
r-devel-windows-x86_64 | 1.9 | 12.00 | 94.00 | 106.00 | NOTE | |
r-patched-linux-x86_64 | 1.9 | 11.90 | 99.33 | 111.23 | OK | |
r-release-linux-x86_64 | 1.9 | 10.53 | 95.66 | 106.19 | OK | |
r-release-macos-arm64 | 1.9 | 45.00 | OK | |||
r-release-macos-x86_64 | 1.9 | 65.00 | OK | |||
r-release-windows-x86_64 | 1.9 | 14.00 | 98.00 | 112.00 | OK | |
r-oldrel-macos-arm64 | 1.9 | 49.00 | OK | |||
r-oldrel-macos-x86_64 | 1.9 | 105.00 | OK | |||
r-oldrel-windows-x86_64 | 1.9 | 16.00 | 120.00 | 136.00 | OK |
Version: 1.9
Check: Rd cross-references
Result: NOTE
Found the following Rd file(s) with Rd \link{} targets missing package
anchors:
dpilc.Rd: locpoly
Please provide package anchors for all Rd \link{} targets not in the
package itself and the base packages.
Flavor: r-devel-windows-x86_64