CRAN Package Check Results for Package shapes

Last updated on 2022-11-25 19:50:04 CET.

Flavor Version Tinstall Tcheck Ttotal Status Flags
r-devel-linux-x86_64-debian-clang 1.2.6 16.16 124.57 140.73 NOTE
r-devel-linux-x86_64-debian-gcc 1.2.6 13.56 92.39 105.95 NOTE
r-devel-linux-x86_64-fedora-clang 1.2.6 184.76 NOTE
r-devel-linux-x86_64-fedora-gcc 1.2.6 180.43 NOTE
r-devel-windows-x86_64 1.2.6 53.00 152.00 205.00 NOTE
r-patched-linux-x86_64 1.2.6 OK
r-release-linux-x86_64 1.2.6 14.77 119.35 134.12 OK
r-release-macos-arm64 1.2.6 43.00 OK
r-release-macos-x86_64 1.2.6 61.00 OK
r-release-windows-x86_64 1.2.6 76.00 156.00 232.00 OK
r-oldrel-macos-arm64 1.2.6 56.00 OK
r-oldrel-macos-x86_64 1.2.6 93.00 OK
r-oldrel-windows-ix86+x86_64 1.2.6 28.00 141.00 169.00 OK

Check Details

Version: 1.2.6
Check: package subdirectories
Result: NOTE
    Problems with news in 'NEWS.md':
    No news entries found.
Flavors: r-devel-linux-x86_64-debian-clang, r-devel-linux-x86_64-debian-gcc, r-devel-linux-x86_64-fedora-clang, r-devel-linux-x86_64-fedora-gcc, r-devel-windows-x86_64