Last updated on 2025-02-21 19:50:40 CET.
Flavor | Version | Tinstall | Tcheck | Ttotal | Status | Flags |
---|---|---|---|---|---|---|
r-devel-linux-x86_64-debian-clang | 2.0 | 2.52 | 36.64 | 39.16 | NOTE | |
r-devel-linux-x86_64-debian-gcc | 2.0 | 2.08 | 29.05 | 31.13 | NOTE | |
r-devel-linux-x86_64-fedora-clang | 2.0 | 64.44 | NOTE | |||
r-devel-linux-x86_64-fedora-gcc | 2.0 | 75.27 | NOTE | |||
r-devel-macos-arm64 | 2.0 | 35.00 | NOTE | |||
r-devel-macos-x86_64 | 2.0 | 56.00 | NOTE | |||
r-devel-windows-x86_64 | 2.0 | 3.00 | 76.00 | 79.00 | NOTE | |
r-patched-linux-x86_64 | 2.0 | 2.77 | 35.67 | 38.44 | NOTE | |
r-release-linux-x86_64 | 2.0 | 2.54 | 35.24 | 37.78 | NOTE | |
r-release-macos-arm64 | 2.0 | 34.00 | NOTE | |||
r-release-macos-x86_64 | 2.0 | 51.00 | NOTE | |||
r-release-windows-x86_64 | 2.0 | 4.00 | 78.00 | 82.00 | NOTE | |
r-oldrel-macos-arm64 | 2.0 | 36.00 | OK | |||
r-oldrel-macos-x86_64 | 2.0 | 71.00 | OK | |||
r-oldrel-windows-x86_64 | 2.0 | 4.00 | 85.00 | 89.00 | OK |
Version: 2.0
Check: Rd files
Result: NOTE
checkRd: (-1) sgt.Rd:55: Lost braces
55 | \code{sigma <= 0}, \code{lambda <= -1}, \code{lambda >= 1}, \code{p <= 0}, and \code{q <= 0} are errors and return \code{NaN}. Also, if \code{mean.cent} is \code{TRUE} but code{p*q <= 1}, the result is an error and \code{NaNs} are produced. Similarly, if \code{var.adj} is \code{TRUE} but code{p*q <= 2}, the result is an error and \code{NaNs} are produced.
| ^
checkRd: (-1) sgt.Rd:55: Lost braces
55 | \code{sigma <= 0}, \code{lambda <= -1}, \code{lambda >= 1}, \code{p <= 0}, and \code{q <= 0} are errors and return \code{NaN}. Also, if \code{mean.cent} is \code{TRUE} but code{p*q <= 1}, the result is an error and \code{NaNs} are produced. Similarly, if \code{var.adj} is \code{TRUE} but code{p*q <= 2}, the result is an error and \code{NaNs} are produced.
| ^
Flavors: r-devel-linux-x86_64-debian-clang, r-devel-linux-x86_64-debian-gcc, r-devel-linux-x86_64-fedora-clang, r-devel-linux-x86_64-fedora-gcc, r-devel-macos-arm64, r-devel-macos-x86_64, r-devel-windows-x86_64, r-patched-linux-x86_64, r-release-linux-x86_64, r-release-macos-arm64, r-release-macos-x86_64, r-release-windows-x86_64