Last updated on 2023-01-27 20:49:23 CET.
Flavor | Version | Tinstall | Tcheck | Ttotal | Status | Flags |
---|---|---|---|---|---|---|
r-devel-linux-x86_64-debian-clang | 1.3.3 | 9.71 | 442.53 | 452.24 | OK | |
r-devel-linux-x86_64-debian-gcc | 1.3.3 | 7.72 | 325.88 | 333.60 | OK | |
r-devel-linux-x86_64-fedora-clang | 1.3.3 | 537.43 | OK | |||
r-devel-linux-x86_64-fedora-gcc | 1.3.3 | 569.13 | OK | |||
r-patched-linux-x86_64 | 1.3.3 | 6.74 | 414.77 | 421.51 | OK | |
r-release-linux-x86_64 | 1.3.3 | 6.96 | 378.51 | 385.47 | OK | |
r-release-macos-arm64 | 1.3.3 | 133.00 | OK | |||
r-release-macos-x86_64 | 1.3.3 | 202.00 | OK | |||
r-release-windows-x86_64 | 1.3.3 | 43.00 | 468.00 | 511.00 | OK | |
r-oldrel-macos-arm64 | 1.3.3 | 116.00 | WARN | |||
r-oldrel-macos-x86_64 | 1.3.3 | 221.00 | WARN | |||
r-oldrel-windows-ix86+x86_64 | 1.3.3 | 21.00 | 501.00 | 522.00 | OK |
Version: 1.3.3
Check: for executable files
Result: WARN
Found the following executable files:
inst/extdata/access.dbf
inst/extdata/existing.dbf
inst/extdata/existingna.dbf
Source packages should not contain undeclared executable files.
See section ‘Package structure’ in the ‘Writing R Extensions’ manual.
Flavors: r-oldrel-macos-arm64, r-oldrel-macos-x86_64