Last updated on 2024-07-17 20:57:11 CEST.
Flavor | Version | Tinstall | Tcheck | Ttotal | Status | Flags |
---|---|---|---|---|---|---|
r-devel-linux-x86_64-debian-clang | 1.8 | 15.44 | 126.41 | 141.85 | OK | |
r-devel-linux-x86_64-debian-gcc | 1.8 | 13.59 | 94.93 | 108.52 | OK | |
r-devel-linux-x86_64-fedora-clang | 1.8 | 180.02 | OK | |||
r-devel-linux-x86_64-fedora-gcc | 1.8 | 162.04 | OK | |||
r-devel-windows-x86_64 | 1.8 | 13.00 | 107.00 | 120.00 | NOTE | |
r-patched-linux-x86_64 | 1.8 | 19.81 | 123.35 | 143.16 | OK | |
r-release-linux-x86_64 | 1.8 | 10.34 | 120.29 | 130.63 | OK | |
r-release-macos-arm64 | 1.8 | 47.00 | OK | |||
r-release-macos-x86_64 | 1.8 | 79.00 | OK | |||
r-release-windows-x86_64 | 1.8 | 14.00 | 108.00 | 122.00 | OK | |
r-oldrel-macos-arm64 | 1.8 | 55.00 | OK | |||
r-oldrel-macos-x86_64 | 1.8 | 152.00 | OK | |||
r-oldrel-windows-x86_64 | 1.8 | 13.00 | 127.00 | 140.00 | OK |
Version: 1.8
Check: Rd cross-references
Result: NOTE
Found the following Rd file(s) with Rd \link{} targets missing package
anchors:
gPLS.Rd: cim
gPLSda.Rd: plotIndiv, plotVar, cim, network
sPLSda.Rd: plotIndiv, plotVar, cim, network
sgPLSda.Rd: plotIndiv, plotVar, cim, network
Please provide package anchors for all Rd \link{} targets not in the
package itself and the base packages.
Flavor: r-devel-windows-x86_64