Last updated on 2024-04-17 20:57:49 CEST.
Flavor | Version | Tinstall | Tcheck | Ttotal | Status | Flags |
---|---|---|---|---|---|---|
r-devel-linux-x86_64-debian-clang | 0.2-0 | 5.02 | 78.81 | 83.83 | NOTE | |
r-devel-linux-x86_64-debian-gcc | 0.2-0 | 3.95 | 58.09 | 62.04 | NOTE | |
r-devel-linux-x86_64-fedora-clang | 0.2-0 | 102.66 | NOTE | |||
r-devel-linux-x86_64-fedora-gcc | 0.2-0 | 111.49 | NOTE | |||
r-prerel-macos-arm64 | 0.2-0 | 33.00 | NOTE | |||
r-prerel-windows-x86_64 | 0.2-0 | 6.00 | 76.00 | 82.00 | NOTE | |
r-patched-linux-x86_64 | 0.2-0 | 8.82 | 73.40 | 82.22 | NOTE | |
r-release-linux-x86_64 | 0.2-0 | 4.48 | 71.50 | 75.98 | OK | |
r-release-macos-arm64 | 0.2-0 | 38.00 | OK | |||
r-release-macos-x86_64 | 0.2-0 | 69.00 | OK | |||
r-release-windows-x86_64 | 0.2-0 | 7.00 | 86.00 | 93.00 | OK | |
r-oldrel-macos-arm64 | 0.2-0 | 40.00 | OK | |||
r-oldrel-windows-x86_64 | 0.2-0 | 7.00 | 87.00 | 94.00 | OK |
Version: 0.2-0
Check: Rd files
Result: NOTE
checkRd: (-1) st_as_sftime.Rd:71: Lost braces
71 | remove these columns from code{data.frame}?}
| ^
Flavors: r-devel-linux-x86_64-debian-clang, r-devel-linux-x86_64-debian-gcc, r-devel-linux-x86_64-fedora-clang, r-devel-linux-x86_64-fedora-gcc, r-prerel-macos-arm64, r-prerel-windows-x86_64, r-patched-linux-x86_64
Version: 0.2-0
Check: Rd cross-references
Result: NOTE
Undeclared package ‘vctrs’ in Rd xrefs
Flavor: r-devel-linux-x86_64-fedora-clang