Last updated on 2024-07-26 20:50:11 CEST.
Flavor | Version | Tinstall | Tcheck | Ttotal | Status | Flags |
---|---|---|---|---|---|---|
r-devel-linux-x86_64-debian-clang | 2.2-1 | 12.37 | 105.59 | 117.96 | OK | |
r-devel-linux-x86_64-debian-gcc | 2.2-1 | 12.66 | 80.40 | 93.06 | NOTE | |
r-devel-linux-x86_64-fedora-clang | 2.2-1 | 153.02 | OK | |||
r-devel-linux-x86_64-fedora-gcc | 2.2-1 | 140.82 | OK | |||
r-devel-windows-x86_64 | 2.2-1 | 15.00 | 100.00 | 115.00 | NOTE | |
r-patched-linux-x86_64 | 2.2-1 | OK | ||||
r-release-linux-x86_64 | 2.2-1 | 10.29 | 96.99 | 107.28 | OK | |
r-release-macos-arm64 | 2.2-1 | 40.00 | OK | |||
r-release-macos-x86_64 | 2.2-1 | 65.00 | OK | |||
r-release-windows-x86_64 | 2.2-1 | 14.00 | 98.00 | 112.00 | OK | |
r-oldrel-macos-arm64 | 2.2-1 | 48.00 | OK | |||
r-oldrel-macos-x86_64 | 2.2-1 | 74.00 | OK | |||
r-oldrel-windows-x86_64 | 2.2-1 | 20.00 | 120.00 | 140.00 | OK |
Version: 2.2-1
Check: Rd cross-references
Result: NOTE
Found the following Rd file(s) with Rd \link{} targets missing package
anchors:
fPCAassessment.Rd: fda
fPCAcapacity.Rd: fda
Please provide package anchors for all Rd \link{} targets not in the
package itself and the base packages.
Flavors: r-devel-linux-x86_64-debian-gcc, r-devel-windows-x86_64