Last updated on 2024-04-17 20:57:49 CEST.
Flavor | Version | Tinstall | Tcheck | Ttotal | Status | Flags |
---|---|---|---|---|---|---|
r-devel-linux-x86_64-debian-clang | 1.1-17 | 8.92 | 84.78 | 93.70 | OK | |
r-devel-linux-x86_64-debian-gcc | 1.1-17 | 5.66 | 60.66 | 66.32 | OK | |
r-devel-linux-x86_64-fedora-clang | 1.1-17 | 113.90 | NOTE | |||
r-devel-linux-x86_64-fedora-gcc | 1.1-17 | 114.32 | OK | |||
r-prerel-macos-arm64 | 1.1-17 | 34.00 | OK | |||
r-prerel-macos-x86_64 | 1.1-17 | 119.00 | OK | |||
r-prerel-windows-x86_64 | 1.1-17 | 8.00 | 102.00 | 110.00 | OK | |
r-patched-linux-x86_64 | 1.1-17 | 11.45 | 77.08 | 88.53 | OK | |
r-release-linux-x86_64 | 1.1-17 | 8.62 | 79.63 | 88.25 | OK | |
r-release-macos-arm64 | 1.1-17 | 45.00 | OK | |||
r-release-macos-x86_64 | 1.1-17 | 122.00 | OK | |||
r-release-windows-x86_64 | 1.1-17 | 9.00 | 119.00 | 128.00 | OK | |
r-oldrel-macos-arm64 | 1.1-17 | 45.00 | OK | |||
r-oldrel-windows-x86_64 | 1.1-17 | 12.00 | 114.00 | 126.00 | OK |
Version: 1.1-17
Check: Rd cross-references
Result: NOTE
Undeclared packages ‘relevance’, ‘DescTools’ in Rd xrefs
Flavor: r-devel-linux-x86_64-fedora-clang