Last updated on 2024-04-26 21:57:32 CEST.
Flavor | Version | Tinstall | Tcheck | Ttotal | Status | Flags |
---|---|---|---|---|---|---|
r-devel-linux-x86_64-debian-clang | 0.1.2 | 5.49 | 41.32 | 46.81 | OK | |
r-devel-linux-x86_64-debian-gcc | 0.1.2 | 4.25 | 31.62 | 35.87 | OK | |
r-devel-linux-x86_64-fedora-clang | 0.1.2 | 59.45 | NOTE | |||
r-devel-linux-x86_64-fedora-gcc | 0.1.2 | 68.03 | OK | |||
r-devel-windows-x86_64 | 0.1.2 | 6.00 | 54.00 | 60.00 | NOTE | |
r-patched-linux-x86_64 | 0.1.2 | 4.55 | 39.94 | 44.49 | OK | |
r-release-linux-x86_64 | 0.1.2 | 5.25 | 38.53 | 43.78 | OK | |
r-release-macos-arm64 | 0.1.2 | 31.00 | NOTE | |||
r-release-windows-x86_64 | 0.1.2 | 6.00 | 53.00 | 59.00 | NOTE | |
r-oldrel-macos-arm64 | 0.1.2 | 31.00 | NOTE | |||
r-oldrel-macos-x86_64 | 0.1.2 | 47.00 | NOTE | |||
r-oldrel-windows-x86_64 | 0.1.2 | 8.00 | 60.00 | 68.00 | NOTE |
Version: 0.1.2
Check: installed package size
Result: NOTE
installed size is 5.9Mb
sub-directories of 1Mb or more:
doc 5.1Mb
Flavors: r-devel-linux-x86_64-fedora-clang, r-devel-windows-x86_64, r-release-macos-arm64, r-release-windows-x86_64, r-oldrel-macos-arm64, r-oldrel-macos-x86_64, r-oldrel-windows-x86_64