Last updated on 2024-03-27 19:57:05 CET.
Flavor | Version | Tinstall | Tcheck | Ttotal | Status | Flags |
---|---|---|---|---|---|---|
r-devel-linux-x86_64-debian-clang | 1.0.0 | 141.48 | 348.93 | 490.41 | OK | |
r-devel-linux-x86_64-debian-gcc | 1.0.0 | 100.47 | 244.24 | 344.71 | OK | |
r-devel-linux-x86_64-fedora-clang | 1.0.0 | 579.13 | OK | |||
r-devel-linux-x86_64-fedora-gcc | 1.0.0 | 594.27 | OK | |||
r-devel-windows-x86_64 | 1.0.0 | 92.00 | 214.00 | 306.00 | OK | |
r-patched-linux-x86_64 | 1.0.0 | 129.29 | 330.87 | 460.16 | OK | |
r-release-linux-x86_64 | 1.0.0 | 125.97 | 328.29 | 454.26 | OK | |
r-release-macos-arm64 | 1.0.0 | 112.00 | OK | |||
r-release-macos-x86_64 | 1.0.0 | 312.00 | OK | |||
r-release-windows-x86_64 | 1.0.0 | 121.00 | 285.00 | 406.00 | OK | |
r-oldrel-macos-arm64 | 1.0.0 | 109.00 | ERROR | |||
r-oldrel-windows-x86_64 | 1.0.0 | 129.00 | 282.00 | 411.00 | OK |
Version: 1.0.0
Check: PDF version of manual
Result: WARN
LaTeX errors when creating PDF version.
This typically indicates Rd problems.
LaTeX errors found:
! Missing \endgroup inserted.
<inserted text>
\endgroup
l.506 ...ac{S\rho}{\sigma_v} \\ 1 \end{pmatrix}}{}
,
! Missing } inserted.
<inserted text>
}
l.506 ...ac{S\rho}{\sigma_v} \\ 1 \end{pmatrix}}{}
,
! Missing } inserted.
<inserted text>
}
l.506 ...ac{S\rho}{\sigma_v} \\ 1 \end{pmatrix}}{}
,
! Missing \cr inserted.
<inserted text>
\cr
l.506 ...ac{S\rho}{\sigma_v} \\ 1 \end{pmatrix}}{}
,
! Misplaced \cr.
<inserted text> \cr
l.506 ...ac{S\rho}{\sigma_v} \\ 1 \end{pmatrix}}{}
,
! Missing \cr inserted.
<inserted text>
\cr
l.506 ...ac{S\rho}{\sigma_v} \\ 1 \end{pmatrix}}{}
,
! Misplaced \cr.
<inserted text> \cr
l.506 ...ac{S\rho}{\sigma_v} \\ 1 \end{pmatrix}}{}
,
! Missing \cr inserted.
<inserted text>
\cr
l.506 ...ac{S\rho}{\sigma_v} \\ 1 \end{pmatrix}}{}
,
! Misplaced \cr.
<inserted text> \cr
l.506 ...ac{S\rho}{\sigma_v} \\ 1 \end{pmatrix}}{}
,
! Missing \cr inserted.
<inserted text>
\cr
l.506 ...ac{S\rho}{\sigma_v} \\ 1 \end{pmatrix}}{}
,
! Misplaced \cr.
<inserted text> \cr
l.506 ...ac{S\rho}{\sigma_v} \\ 1 \end{pmatrix}}{}
,
! Missing \cr inserted.
<inserted text>
\cr
l.506 ...ac{S\rho}{\sigma_v} \\ 1 \end{pmatrix}}{}
,
! Misplaced \cr.
<inserted text> \cr
l.506 ...ac{S\rho}{\sigma_v} \\ 1 \end{pmatrix}}{}
,
! Missing \cr inserted.
<inserted text>
\cr
l.506 ...ac{S\rho}{\sigma_v} \\ 1 \end{pmatrix}}{}
,
! Misplaced \cr.
<inserted text> \cr
l.506 ...ac{S\rho}{\sigma_v} \\ 1 \end{pmatrix}}{}
,
! Missing \cr inserted.
<inserted text>
\cr
l.506 ...ac{S\rho}{\sigma_v} \\ 1 \end{pmatrix}}{}
,
! Misplaced \cr.
<inserted text> \cr
l.506 ...ac{S\rho}{\sigma_v} \\ 1 \end{pmatrix}}{}
,
! Missing \cr inserted.
<inserted text>
\cr
l.506 ...ac{S\rho}{\sigma_v} \\ 1 \end{pmatrix}}{}
,
! Misplaced \cr.
<inserted text> \cr
l.506 ...ac{S\rho}{\sigma_v} \\ 1 \end{pmatrix}}{}
,
! Missing \cr inserted.
<inserted text>
\cr
l.506 ...ac{S\rho}{\sigma_v} \\ 1 \end{pmatrix}}{}
,
! Misplaced \cr.
<inserted text> \cr
l.506 ...ac{S\rho}{\sigma_v} \\ 1 \end{pmatrix}}{}
,
! Missing \cr inserted.
<inserted text>
\cr
l.506 ...ac{S\rho}{\sigma_v} \\ 1 \end{pmatrix}}{}
,
! Misplaced \cr.
<inserted text> \cr
l.506 ...ac{S\rho}{\sigma_v} \\ 1 \end{pmatrix}}{}
,
! Missing \cr inserted.
<inserted text>
\cr
l.506 ...ac{S\rho}{\sigma_v} \\ 1 \end{pmatrix}}{}
,
! Misplaced \cr.
<inserted text> \cr
l.506 ...ac{S\rho}{\sigma_v} \\ 1 \end{pmatrix}}{}
,
! Missing \cr inserted.
<inserted text>
\cr
l.506 ...ac{S\rho}{\sigma_v} \\ 1 \end{pmatrix}}{}
,
! Misplaced \cr.
<inserted text> \cr
l.506 ...ac{S\rho}{\sigma_v} \\ 1 \end{pmatrix}}{}
,
! Missing \cr inserted.
<inserted text>
\cr
l.506 ...ac{S\rho}{\sigma_v} \\ 1 \end{pmatrix}}{}
,
! Misplaced \cr.
<inserted text> \cr
l.506 ...ac{S\rho}{\sigma_v} \\ 1 \end{pmatrix}}{}
,
! Missing \cr inserted.
<inserted text>
\cr
l.506 ...ac{S\rho}{\sigma_v} \\ 1 \end{pmatrix}}{}
,
! Misplaced \cr.
<inserted text> \cr
l.506 ...ac{S\rho}{\sigma_v} \\ 1 \end{pmatrix}}{}
,
! Missing \cr inserted.
<inserted text>
\cr
l.506 ...ac{S\rho}{\sigma_v} \\ 1 \end{pmatrix}}{}
,
! Misplaced \cr.
<inserted text> \cr
l.506 ...ac{S\rho}{\sigma_v} \\ 1 \end{pmatrix}}{}
,
! Missing \cr inserted.
<inserted text>
\cr
l.506 ...ac{S\rho}{\sigma_v} \\ 1 \end{pmatrix}}{}
,
! Misplaced \cr.
<inserted text> \cr
l.506 ...ac{S\rho}{\sigma_v} \\ 1 \end{pmatrix}}{}
,
! Missing \cr inserted.
<inserted text>
\cr
l.506 ...ac{S\rho}{\sigma_v} \\ 1 \end{pmatrix}}{}
,
! Misplaced \cr.
<inserted text> \cr
l.506 ...ac{S\rho}{\sigma_v} \\ 1 \end{pmatrix}}{}
,
! Missing \cr inserted.
<inserted text>
\cr
l.506 ...ac{S\rho}{\sigma_v} \\ 1 \end{pmatrix}}{}
,
! Misplaced \cr.
<inserted text> \cr
l.506 ...ac{S\rho}{\sigma_v} \\ 1 \end{pmatrix}}{}
,
! Missing \cr inserted.
<inserted text>
\cr
l.506 ...ac{S\rho}{\sigma_v} \\ 1 \end{pmatrix}}{}
,
! Misplaced \cr.
<inserted text> \cr
l.506 ...ac{S\rho}{\sigma_v} \\ 1 \end{pmatrix}}{}
,
! Missing \cr inserted.
<inserted text>
\cr
l.506 ...ac{S\rho}{\sigma_v} \\ 1 \end{pmatrix}}{}
,
! Misplaced \cr.
<inserted text> \cr
l.506 ...ac{S\rho}{\sigma_v} \\ 1 \end{pmatrix}}{}
,
! Missing \cr inserted.
<inserted text>
\cr
l.506 ...ac{S\rho}{\sigma_v} \\ 1 \end{pmatrix}}{}
,
! Misplaced \cr.
<inserted text> \cr
l.506 ...ac{S\rho}{\sigma_v} \\ 1 \end{pmatrix}}{}
,
! Missing \cr inserted.
<inserted text>
\cr
l.506 ...ac{S\rho}{\sigma_v} \\ 1 \end{pmatrix}}{}
,
! Misplaced \cr.
<inserted text> \cr
l.506 ...ac{S\rho}{\sigma_v} \\ 1 \end{pmatrix}}{}
,
! Missing \cr inserted.
<inserted text>
\cr
l.506 ...ac{S\rho}{\sigma_v} \\ 1 \end{pmatrix}}{}
,
! Misplaced \cr.
<inserted text> \cr
l.506 ...ac{S\rho}{\sigma_v} \\ 1 \end{pmatrix}}{}
,
! Missing \cr inserted.
<inserted text>
\cr
l.506 ...ac{S\rho}{\sigma_v} \\ 1 \end{pmatrix}}{}
,
! Misplaced \cr.
<inserted text> \cr
l.506 ...ac{S\rho}{\sigma_v} \\ 1 \end{pmatrix}}{}
,
! Missing \cr inserted.
<inserted text>
\cr
l.506 ...ac{S\rho}{\sigma_v} \\ 1 \end{pmatrix}}{}
,
! Misplaced \cr.
<inserted text> \cr
l.506 ...ac{S\rho}{\sigma_v} \\ 1 \end{pmatrix}}{}
,
! Missing \cr inserted.
<inserted text>
\cr
l.506 ...ac{S\rho}{\sigma_v} \\ 1 \end{pmatrix}}{}
,
! Misplaced \cr.
<inserted text> \cr
l.506 ...ac{S\rho}{\sigma_v} \\ 1 \end{pmatrix}}{}
,
! Missing \cr inserted.
<inserted text>
\cr
l.506 ...ac{S\rho}{\sigma_v} \\ 1 \end{pmatrix}}{}
,
! Misplaced \cr.
<inserted text> \cr
l.506 ...ac{S\rho}{\sigma_v} \\ 1 \end{pmatrix}}{}
,
! Missing \cr inserted.
<inserted text>
\cr
l.506 ...ac{S\rho}{\sigma_v} \\ 1 \end{pmatrix}}{}
,
! Misplaced \cr.
<inserted text> \cr
l.506 ...ac{S\rho}{\sigma_v} \\ 1 \end{pmatrix}}{}
,
! Missing \cr inserted.
<inserted text>
\cr
l.506 ...ac{S\rho}{\sigma_v} \\ 1 \end{pmatrix}}{}
,
! Misplaced \cr.
<inserted text> \cr
l.506 ...ac{S\rho}{\sigma_v} \\ 1 \end{pmatrix}}{}
,
! Missing \cr inserted.
<inserted text>
\cr
l.506 ...ac{S\rho}{\sigma_v} \\ 1 \end{pmatrix}}{}
,
! Misplaced \cr.
<inserted text> \cr
l.506 ...ac{S\rho}{\sigma_v} \\ 1 \end{pmatrix}}{}
,
! Missing \cr inserted.
<inserted text>
\cr
l.506 ...ac{S\rho}{\sigma_v} \\ 1 \end{pmatrix}}{}
,
! Misplaced \cr.
<inserted text> \cr
l.506 ...ac{S\rho}{\sigma_v} \\ 1 \end{pmatrix}}{}
,
! Missing \cr inserted.
<inserted text>
\cr
l.506 ...ac{S\rho}{\sigma_v} \\ 1 \end{pmatrix}}{}
,
! Misplaced \cr.
<inserted text> \cr
l.506 ...ac{S\rho}{\sigma_v} \\ 1 \end{pmatrix}}{}
,
! Missing \cr inserted.
<inserted text>
\cr
l.506 ...ac{S\rho}{\sigma_v} \\ 1 \end{pmatrix}}{}
,
! Misplaced \cr.
<inserted text> \cr
l.506 ...ac{S\rho}{\sigma_v} \\ 1 \end{pmatrix}}{}
,
! Missing \cr inserted.
<inserted text>
\cr
l.506 ...ac{S\rho}{\sigma_v} \\ 1 \end{pmatrix}}{}
,
! Misplaced \cr.
<inserted text> \cr
l.506 ...ac{S\rho}{\sigma_v} \\ 1 \end{pmatrix}}{}
,
! Missing \cr inserted.
<inserted text>
\cr
l.506 ...ac{S\rho}{\sigma_v} \\ 1 \end{pmatrix}}{}
,
! Misplaced \cr.
<inserted text> \cr
l.506 ...ac{S\rho}{\sigma_v} \\ 1 \end{pmatrix}}{}
,
! Missing \cr inserted.
<inserted text>
\cr
l.506 ...ac{S\rho}{\sigma_v} \\ 1 \end{pmatrix}}{}
,
! Misplaced \cr.
<inserted text> \cr
l.506 ...ac{S\rho}{\sigma_v} \\ 1 \end{pmatrix}}{}
,
! Missing \cr inserted.
<inserted text>
\cr
l.506 ...ac{S\rho}{\sigma_v} \\ 1 \end{pmatrix}}{}
,
! Misplaced \cr.
<inserted text> \cr
l.506 ...ac{S\rho}{\sigma_v} \\ 1 \end{pmatrix}}{}
,
! Missing \cr inserted.
<inserted text>
\cr
l.506 ...ac{S\rho}{\sigma_v} \\ 1 \end{pmatrix}}{}
,
! Misplaced \cr.
<inserted text> \cr
l.506 ...ac{S\rho}{\sigma_v} \\ 1 \end{pmatrix}}{}
,
! Missing \cr inserted.
<inserted text>
\cr
l.506 ...ac{S\rho}{\sigma_v} \\ 1 \end{pmatrix}}{}
,
! Misplaced \cr.
<inserted text> \cr
l.506 ...ac{S\rho}{\sigma_v} \\ 1 \end{pmatrix}}{}
,
! Missing \cr inserted.
<inserted text>
\cr
l.506 ...ac{S\rho}{\sigma_v} \\ 1 \end{pmatrix}}{}
,
! Misplaced \cr.
<inserted text> \cr
l.506 ...ac{S\rho}{\sigma_v} \\ 1 \end{pmatrix}}{}
,
! Missing \cr inserted.
<inserted text>
\cr
l.506 ...ac{S\rho}{\sigma_v} \\ 1 \end{pmatrix}}{}
,
! Misplaced \cr.
<inserted text> \cr
l.506 ...ac{S\rho}{\sigma_v} \\ 1 \end{pmatrix}}{}
,
! Missing \cr inserted.
<inserted text>
\cr
l.506 ...ac{S\rho}{\sigma_v} \\ 1 \end{pmatrix}}{}
,
! Misplaced \cr.
<inserted text> \cr
l.506 ...ac{S\rho}{\sigma_v} \\ 1 \end{pmatrix}}{}
,
! Missing \cr inserted.
<inserted text>
\cr
l.506 ...ac{S\rho}{\sigma_v} \\ 1 \end{pmatrix}}{}
,
! Misplaced \cr.
<inserted text> \cr
l.506 ...ac{S\rho}{\sigma_v} \\ 1 \end{pmatrix}}{}
,
! Missing \cr inserted.
<inserted text>
\cr
l.506 ...ac{S\rho}{\sigma_v} \\ 1 \end{pmatrix}}{}
,
! Misplaced \cr.
<inserted text> \cr
l.506 ...ac{S\rho}{\sigma_v} \\ 1 \end{pmatrix}}{}
,
! Missing \cr inserted.
<inserted text>
\cr
l.506 ...ac{S\rho}{\sigma_v} \\ 1 \end{pmatrix}}{}
,
! Misplaced \cr.
<inserted text> \cr
l.506 ...ac{S\rho}{\sigma_v} \\ 1 \end{pmatrix}}{}
,
! Missing \cr inserted.
<inserted text>
\cr
l.506 ...ac{S\rho}{\sigma_v} \\ 1 \end{pmatrix}}{}
,
! Misplaced \cr.
<inserted text> \cr
l.506 ...ac{S\rho}{\sigma_v} \\ 1 \end{pmatrix}}{}
,
! Missing \cr inserted.
<inserted text>
\cr
l.506 ...ac{S\rho}{\sigma_v} \\ 1 \end{pmatrix}}{}
,
! Misplaced \cr.
<inserted text> \cr
l.506 ...ac{S\rho}{\sigma_v} \\ 1 \end{pmatrix}}{}
,
! Missing \cr inserted.
<inserted text>
\cr
l.506 ...ac{S\rho}{\sigma_v} \\ 1 \end{pmatrix}}{}
,
! Misplaced \cr.
<inserted text> \cr
l.506 ...ac{S\rho}{\sigma_v} \\ 1 \end{pmatrix}}{}
,
! Missing \cr inserted.
<inserted text>
\cr
l.506 ...ac{S\rho}{\sigma_v} \\ 1 \end{pmatrix}}{}
,
! ==> Fatal error occurred, no output PDF file produced!
Flavor: r-oldrel-macos-arm64
Version: 1.0.0
Check: PDF version of manual without index
Result: ERROR
Flavor: r-oldrel-macos-arm64