Last updated on 2024-07-17 20:57:11 CEST.
Flavor | Version | Tinstall | Tcheck | Ttotal | Status | Flags |
---|---|---|---|---|---|---|
r-devel-linux-x86_64-debian-clang | 1.0.2 | 9.25 | 86.29 | 95.54 | OK | |
r-devel-linux-x86_64-debian-gcc | 1.0.2 | 6.78 | 63.78 | 70.56 | OK | |
r-devel-linux-x86_64-fedora-clang | 1.0.2 | 116.37 | OK | |||
r-devel-linux-x86_64-fedora-gcc | 1.0.2 | 107.38 | OK | |||
r-devel-windows-x86_64 | 1.0.2 | 8.00 | 79.00 | 87.00 | NOTE | |
r-patched-linux-x86_64 | 1.0.2 | 11.47 | 80.13 | 91.60 | OK | |
r-release-linux-x86_64 | 1.0.2 | 8.71 | 80.58 | 89.29 | OK | |
r-release-macos-arm64 | 1.0.2 | 36.00 | OK | |||
r-release-macos-x86_64 | 1.0.2 | 52.00 | OK | |||
r-release-windows-x86_64 | 1.0.2 | 8.00 | 83.00 | 91.00 | OK | |
r-oldrel-macos-arm64 | 1.0.2 | 37.00 | OK | |||
r-oldrel-macos-x86_64 | 1.0.2 | 61.00 | OK | |||
r-oldrel-windows-x86_64 | 1.0.2 | 12.00 | 98.00 | 110.00 | OK |
Version: 1.0.2
Check: Rd cross-references
Result: NOTE
Found the following Rd file(s) with Rd \link{} targets missing package
anchors:
avg.modindices.Rd: sem
bin.results.Rd: sem
bin.rsquare.Rd: sem
gam.path.Rd: sem, gam
modelsummary.Rd: sem
plotmodelfit.Rd: sem
plotpath.Rd: sem
runModels.Rd: lavaan, sem
sesem-package.Rd: sem, lavaan
Please provide package anchors for all Rd \link{} targets not in the
package itself and the base packages.
Flavor: r-devel-windows-x86_64