Last updated on 2024-07-17 20:57:11 CEST.
Flavor | Version | Tinstall | Tcheck | Ttotal | Status | Flags |
---|---|---|---|---|---|---|
r-devel-linux-x86_64-debian-clang | 1.5.5 | 16.91 | 212.30 | 229.21 | OK | |
r-devel-linux-x86_64-debian-gcc | 1.5.5 | 13.16 | 173.64 | 186.80 | OK | |
r-devel-linux-x86_64-fedora-clang | 1.5.5 | 292.46 | OK | |||
r-devel-linux-x86_64-fedora-gcc | 1.5.5 | 285.91 | OK | |||
r-devel-windows-x86_64 | 1.5.5 | 22.00 | 229.00 | 251.00 | NOTE | |
r-patched-linux-x86_64 | 1.5.5 | 22.45 | 208.49 | 230.94 | OK | |
r-release-linux-x86_64 | 1.5.5 | 15.46 | 200.40 | 215.86 | OK | |
r-release-macos-arm64 | 1.5.5 | 108.00 | OK | |||
r-release-macos-x86_64 | 1.5.5 | 169.00 | OK | |||
r-release-windows-x86_64 | 1.5.5 | 21.00 | 219.00 | 240.00 | OK | |
r-oldrel-macos-arm64 | 1.5.5 | 121.00 | OK | |||
r-oldrel-macos-x86_64 | 1.5.5 | 226.00 | OK | |||
r-oldrel-windows-x86_64 | 1.5.5 | 26.00 | 252.00 | 278.00 | OK |
Version: 1.5.5
Check: Rd cross-references
Result: NOTE
Found the following Rd file(s) with Rd \link{} targets missing package
anchors:
palette.Rd: sequential_hcl, diverging_hcl
Please provide package anchors for all Rd \link{} targets not in the
package itself and the base packages.
Flavor: r-devel-windows-x86_64