Last updated on 2024-04-23 20:52:18 CEST.
Flavor | Version | Tinstall | Tcheck | Ttotal | Status | Flags |
---|---|---|---|---|---|---|
r-devel-linux-x86_64-debian-clang | 2.9.0 | 94.35 | 213.93 | 308.28 | OK | |
r-devel-linux-x86_64-debian-gcc | 2.9.0 | 61.96 | 147.39 | 209.35 | OK | |
r-devel-linux-x86_64-fedora-clang | 2.9.0 | 413.38 | NOTE | |||
r-devel-linux-x86_64-fedora-gcc | 2.9.0 | 395.51 | OK | |||
r-prerel-macos-arm64 | 2.9.0 | 116.00 | OK | |||
r-prerel-macos-x86_64 | 2.9.0 | 318.00 | OK | |||
r-prerel-windows-x86_64 | 2.9.0 | 60.00 | 247.00 | 307.00 | OK | |
r-patched-linux-x86_64 | 2.9.0 | 81.18 | 191.60 | 272.78 | OK | |
r-release-linux-x86_64 | 2.9.0 | 73.92 | 197.11 | 271.03 | OK | |
r-release-macos-arm64 | 2.9.0 | 122.00 | OK | |||
r-release-macos-x86_64 | 2.9.0 | 313.00 | OK | |||
r-release-windows-x86_64 | 2.9.0 | 76.00 | 266.00 | 342.00 | OK | |
r-oldrel-macos-arm64 | 2.9.0 | 145.00 | OK | |||
r-oldrel-windows-x86_64 | 2.9.0 | 69.00 | 245.00 | 314.00 | OK |
Version: 2.9.0
Check: installed package size
Result: NOTE
installed size is 8.5Mb
sub-directories of 1Mb or more:
doc 1.9Mb
libs 5.6Mb
Flavor: r-devel-linux-x86_64-fedora-clang