Last updated on 2025-11-16 01:49:30 CET.
| Flavor | Version | Tinstall | Tcheck | Ttotal | Status | Flags |
|---|---|---|---|---|---|---|
| r-devel-linux-x86_64-debian-clang | 1.2.4 | 2.92 | 158.84 | 161.76 | OK | |
| r-devel-linux-x86_64-debian-gcc | 1.2.4 | 2.27 | 117.52 | 119.79 | OK | |
| r-devel-linux-x86_64-fedora-clang | 1.2.4 | 12.00 | 265.52 | 277.52 | OK | |
| r-devel-linux-x86_64-fedora-gcc | 1.2.4 | 29.00 | 260.12 | 289.12 | OK | |
| r-devel-windows-x86_64 | 1.2.4 | 6.00 | 157.00 | 163.00 | OK | |
| r-patched-linux-x86_64 | 1.2.4 | 3.12 | 145.43 | 148.55 | OK | |
| r-release-linux-x86_64 | 1.2.4 | 3.25 | 89.52 | 92.77 | ERROR | |
| r-release-macos-arm64 | 1.2.4 | 2.00 | 64.00 | 66.00 | OK | |
| r-release-macos-x86_64 | 1.2.4 | 3.00 | 100.00 | 103.00 | OK | |
| r-release-windows-x86_64 | 1.2.4 | 6.00 | 160.00 | 166.00 | OK | |
| r-oldrel-macos-arm64 | 1.2.4 | 1.00 | 81.00 | 82.00 | OK | |
| r-oldrel-macos-x86_64 | 1.2.4 | 2.00 | 122.00 | 124.00 | OK | |
| r-oldrel-windows-x86_64 | 1.2.4 | 7.00 | 208.00 | 215.00 | OK |
Version: 1.2.4
Check: re-building of vignette outputs
Result: ERROR
Error(s) in re-building vignettes:
...
--- re-building ‘different_thinners.Rmd’ using rmarkdown
[WARNING] Deprecated: --highlight-style. Use --syntax-highlighting instead.
--- finished re-building ‘different_thinners.Rmd’
--- re-building ‘simulate_rnaseq.Rmd’ using rmarkdown
Quitting from simulate_rnaseq.Rmd:94-101 [setup]
~~~~~~~~~~~~~~~~~~~~~~~~~~~~~~~~~~~~~~~~~~~~~~~~~~~~~~~~~~~~~~~~~~~~~~~~~~~~~~~~
<error/rlang_error>
Error in `library()`:
! there is no package called 'DESeq2'
---
Backtrace:
▆
1. └─base::library(DESeq2)
~~~~~~~~~~~~~~~~~~~~~~~~~~~~~~~~~~~~~~~~~~~~~~~~~~~~~~~~~~~~~~~~~~~~~~~~~~~~~~~~
Error: processing vignette 'simulate_rnaseq.Rmd' failed with diagnostics:
there is no package called 'DESeq2'
--- failed re-building ‘simulate_rnaseq.Rmd’
SUMMARY: processing the following file failed:
‘simulate_rnaseq.Rmd’
Error: Vignette re-building failed.
Execution halted
Flavor: r-release-linux-x86_64