Last updated on 2024-04-18 21:57:05 CEST.
Flavor | Version | Tinstall | Tcheck | Ttotal | Status | Flags |
---|---|---|---|---|---|---|
r-devel-linux-x86_64-fedora-clang | 0.7.3 | 705.56 | NOTE | |||
r-devel-linux-x86_64-fedora-gcc | 0.7.3 | 653.70 | NOTE | |||
r-prerel-macos-arm64 | 0.7.2 | 248.00 | ERROR | |||
r-prerel-macos-x86_64 | 0.7.3 | 463.00 | NOTE | |||
r-release-macos-arm64 | 0.7.2 | 174.00 | NOTE | |||
r-release-macos-x86_64 | 0.7.3 | 386.00 | NOTE | |||
r-oldrel-macos-arm64 | 0.7.2 | 185.00 | NOTE |
Version: 0.7.3
Check: Rd cross-references
Result: NOTE
Undeclared package ‘lexicon’ in Rd xrefs
Flavor: r-devel-linux-x86_64-fedora-clang
Version: 0.7.3
Check: data for non-ASCII characters
Result: NOTE
Note: found 3128 marked UTF-8 strings
Flavors: r-devel-linux-x86_64-fedora-clang, r-devel-linux-x86_64-fedora-gcc
Version: 0.7.2
Check: installed package size
Result: NOTE
installed size is 6.4Mb
sub-directories of 1Mb or more:
data 1.2Mb
libs 4.3Mb
Flavors: r-prerel-macos-arm64, r-release-macos-arm64, r-oldrel-macos-arm64
Version: 0.7.2
Check: tests
Result: ERROR
Running ‘testthat.R’ [48s/142s]
Running the tests in ‘tests/testthat.R’ failed.
Last 13 lines of output:
tmp[, `:=`(paragraph_id, paste0(doc_id, "_", .I))]
tmp
}), by = c("date", "doc_id", "title"))`: j doesn't evaluate to the same number of columns for each group
Backtrace:
▆
1. └─sentopics:::get_ECB_press_conferences(years = 1998) at test-others.R:2:3
2. ├─...[]
3. └─data.table::`[.data.table`(...)
── Failure ('test-utils.R:28:3'): as.tokens.dfm works ──────────────────────────
quanteda::rowSums(dfm) not equal to quanteda::ntoken(toks).
Names: 3860 string mismatches
[ FAIL 2 | WARN 2 | SKIP 1 | PASS 325 ]
Error: Test failures
Execution halted
Flavor: r-prerel-macos-arm64
Version: 0.7.3
Check: installed package size
Result: NOTE
installed size is 6.4Mb
sub-directories of 1Mb or more:
data 1.2Mb
libs 4.3Mb
Flavors: r-prerel-macos-x86_64, r-release-macos-x86_64