Last updated on 2024-05-07 21:48:40 CEST.
Flavor | Version | Tinstall | Tcheck | Ttotal | Status | Flags |
---|---|---|---|---|---|---|
r-devel-linux-x86_64-debian-clang | 1.0.0 | 103.13 | 235.14 | 338.27 | NOTE | |
r-devel-linux-x86_64-debian-gcc | 1.0.0 | 80.05 | 182.57 | 262.62 | NOTE | |
r-devel-linux-x86_64-fedora-clang | 1.0.0 | 472.90 | NOTE | |||
r-devel-linux-x86_64-fedora-gcc | 1.0.0 | 513.54 | NOTE | |||
r-devel-windows-x86_64 | 1.0.0 | 85.00 | 212.00 | 297.00 | NOTE | |
r-patched-linux-x86_64 | 1.0.0 | 78.18 | 225.39 | 303.57 | NOTE | |
r-release-linux-x86_64 | 1.0.0 | 74.72 | 225.33 | 300.05 | NOTE | |
r-release-macos-arm64 | 1.0.0 | 113.00 | NOTE | |||
r-release-windows-x86_64 | 1.0.0 | 90.00 | 196.00 | 286.00 | NOTE | |
r-oldrel-macos-arm64 | 1.0.0 | 146.00 | NOTE | |||
r-oldrel-macos-x86_64 | 1.0.0 | 211.00 | NOTE | |||
r-oldrel-windows-x86_64 | 1.0.0 | 105.00 | 263.00 | 368.00 | NOTE |
Version: 1.0.0
Check: C++ specification
Result: NOTE
Specified C++11: please drop specification unless essential
Flavors: r-devel-linux-x86_64-debian-clang, r-devel-linux-x86_64-debian-gcc, r-devel-linux-x86_64-fedora-clang, r-devel-linux-x86_64-fedora-gcc, r-devel-windows-x86_64, r-patched-linux-x86_64, r-release-linux-x86_64, r-release-macos-arm64, r-release-windows-x86_64, r-oldrel-macos-arm64, r-oldrel-macos-x86_64, r-oldrel-windows-x86_64
Version: 1.0.0
Check: for GNU extensions in Makefiles
Result: NOTE
GNU make is a SystemRequirements.
Flavors: r-devel-linux-x86_64-debian-clang, r-devel-linux-x86_64-debian-gcc, r-devel-linux-x86_64-fedora-clang, r-devel-linux-x86_64-fedora-gcc, r-devel-windows-x86_64, r-patched-linux-x86_64, r-release-linux-x86_64, r-release-macos-arm64, r-release-windows-x86_64, r-oldrel-macos-arm64, r-oldrel-macos-x86_64, r-oldrel-windows-x86_64
Version: 1.0.0
Check: data for non-ASCII characters
Result: NOTE
Note: found 4436 marked UTF-8 strings
Flavors: r-devel-linux-x86_64-fedora-clang, r-devel-linux-x86_64-fedora-gcc
Version: 1.0.0
Check: installed package size
Result: NOTE
installed size is 7.6Mb
sub-directories of 1Mb or more:
data 2.3Mb
libs 4.1Mb
Flavors: r-release-macos-arm64, r-oldrel-macos-arm64, r-oldrel-macos-x86_64