CRAN Package Check Results for Package sensitivity

Last updated on 2022-12-03 23:01:40 CET.

Flavor Version Tinstall Tcheck Ttotal Status Flags
r-devel-linux-x86_64-debian-clang 1.28.0 143.78 253.58 397.36 OK
r-devel-linux-x86_64-debian-gcc 1.28.0 102.81 184.15 286.96 OK
r-devel-linux-x86_64-fedora-clang 1.28.0 584.74 OK
r-devel-linux-x86_64-fedora-gcc 1.28.0 511.23 OK
r-devel-windows-x86_64 1.28.0 198.00 295.00 493.00 OK
r-patched-linux-x86_64 1.28.0 99.51 230.69 330.20 OK
r-release-linux-x86_64 1.28.0 83.15 229.75 312.90 OK
r-release-macos-arm64 1.28.0 117.00 NOTE
r-release-macos-x86_64 1.28.0 148.00 NOTE
r-release-windows-x86_64 1.28.0 248.00 312.00 560.00 OK
r-oldrel-macos-arm64 1.28.0 111.00 NOTE
r-oldrel-macos-x86_64 1.28.0 150.00 NOTE
r-oldrel-windows-ix86+x86_64 1.28.0 306.00 333.00 639.00 NOTE

Check Details

Version: 1.28.0
Check: installed package size
Result: NOTE
     installed size is 5.4Mb
     sub-directories of 1Mb or more:
     R 2.2Mb
     libs 2.6Mb
Flavors: r-release-macos-arm64, r-release-macos-x86_64, r-oldrel-macos-arm64, r-oldrel-macos-x86_64, r-oldrel-windows-ix86+x86_64