Last updated on 2024-04-18 21:57:05 CEST.
Flavor | Version | Tinstall | Tcheck | Ttotal | Status | Flags |
---|---|---|---|---|---|---|
r-devel-linux-x86_64-debian-clang | 1.4-0 | 1.96 | 28.80 | 30.76 | NOTE | |
r-devel-linux-x86_64-debian-gcc | 1.4-0 | 1.61 | 22.28 | 23.89 | NOTE | |
r-devel-linux-x86_64-fedora-clang | 1.4-0 | 39.85 | NOTE | |||
r-devel-linux-x86_64-fedora-gcc | 1.4-0 | 51.43 | NOTE | |||
r-prerel-macos-arm64 | 1.4-0 | 22.00 | NOTE | |||
r-prerel-windows-x86_64 | 1.4-0 | 3.00 | 45.00 | 48.00 | NOTE | |
r-patched-linux-x86_64 | 1.4-0 | 2.26 | 27.03 | 29.29 | NOTE | |
r-release-linux-x86_64 | 1.4-0 | 2.06 | 26.73 | 28.79 | OK | |
r-release-macos-arm64 | 1.4-0 | 22.00 | OK | |||
r-release-macos-x86_64 | 1.4-0 | 32.00 | OK | |||
r-release-windows-x86_64 | 1.4-0 | 3.00 | 45.00 | 48.00 | OK | |
r-oldrel-macos-arm64 | 1.4-0 | 18.00 | OK | |||
r-oldrel-windows-x86_64 | 1.4-0 | 3.00 | 48.00 | 51.00 | OK |
Version: 1.4-0
Check: Rd files
Result: NOTE
checkRd: (-1) sendmail_options.Rd:32-35: Lost braces in \itemize; meant \describe ?
checkRd: (-1) sendmail_options.Rd:36-37: Lost braces in \itemize; meant \describe ?
checkRd: (-1) sendmail_options.Rd:38-39: Lost braces in \itemize; meant \describe ?
Flavors: r-devel-linux-x86_64-debian-clang, r-devel-linux-x86_64-debian-gcc, r-devel-linux-x86_64-fedora-clang, r-devel-linux-x86_64-fedora-gcc, r-prerel-macos-arm64, r-prerel-windows-x86_64, r-patched-linux-x86_64