Last updated on 2025-10-21 21:01:19 CEST.
Flavor | Version | Tinstall | Tcheck | Ttotal | Status | Flags |
---|---|---|---|---|---|---|
r-devel-linux-x86_64-debian-clang | 0.9.22 | 20.28 | 876.82 | 897.10 | NOTE | |
r-devel-linux-x86_64-debian-gcc | 0.9.22 | 12.73 | 396.43 | 409.16 | NOTE | |
r-devel-linux-x86_64-fedora-clang | 0.9.22 | 42.00 | 854.40 | 896.40 | OK | |
r-devel-linux-x86_64-fedora-gcc | 0.9.22 | 39.00 | 855.64 | 894.64 | OK | |
r-devel-windows-x86_64 | 0.9.22 | 20.00 | 431.00 | 451.00 | OK | |
r-patched-linux-x86_64 | 0.9.22 | 19.71 | 563.31 | 583.02 | OK | |
r-release-linux-x86_64 | 0.9.22 | 20.12 | 551.58 | 571.70 | OK | |
r-release-macos-arm64 | 0.9.22 | 7.00 | 175.00 | 182.00 | OK | |
r-release-macos-x86_64 | 0.9.22 | 18.00 | 391.00 | 409.00 | OK | |
r-release-windows-x86_64 | 0.9.22 | 23.00 | 427.00 | 450.00 | OK | |
r-oldrel-macos-arm64 | 0.9.22 | 8.00 | 162.00 | 170.00 | OK | |
r-oldrel-macos-x86_64 | 0.9.22 | 20.00 | 386.00 | 406.00 | NOTE | |
r-oldrel-windows-x86_64 | 0.9.22 | 28.00 | 609.00 | 637.00 | OK |
Version: 0.9.22
Check: HTML version of manual
Result: NOTE
Found the following HTML validation problems:
coef.semtree.html:53:1 (coef.semtree.Rd:14): Warning: missing </ul> before </div>
diversityMatrix.html:54:1 (diversityMatrix.Rd:14): Warning: missing </ul> before </div>
fitSubmodels.html:74:1 (fitSubmodels.Rd:28): Warning: missing </ul> before </div>
kl.html:59:1 (kl.Rd:18): Warning: missing </ul> before </div>
Flavors: r-devel-linux-x86_64-debian-clang, r-devel-linux-x86_64-debian-gcc
Version: 0.9.22
Check: package dependencies
Result: NOTE
Package suggested but not available for checking: ‘ctsemOMX’
Flavor: r-oldrel-macos-x86_64