Last updated on 2025-02-06 19:49:35 CET.
Flavor | Version | Tinstall | Tcheck | Ttotal | Status | Flags |
---|---|---|---|---|---|---|
r-devel-linux-x86_64-debian-clang | 0.1.8 | 7.03 | 432.06 | 439.09 | NOTE | |
r-devel-linux-x86_64-debian-gcc | 0.1.8 | 4.39 | 271.56 | 275.95 | NOTE | |
r-devel-linux-x86_64-fedora-clang | 0.1.8 | 728.63 | OK | |||
r-devel-linux-x86_64-fedora-gcc | 0.1.8 | 671.39 | OK | |||
r-devel-windows-x86_64 | 0.1.8 | 9.00 | 272.00 | 281.00 | NOTE | |
r-patched-linux-x86_64 | 0.1.8 | 14.23 | 401.41 | 415.64 | OK | |
r-release-linux-x86_64 | 0.1.8 | 6.21 | 402.38 | 408.59 | OK | |
r-release-macos-arm64 | 0.1.8 | 144.00 | OK | |||
r-release-macos-x86_64 | 0.1.8 | 226.00 | OK | |||
r-release-windows-x86_64 | 0.1.8 | 9.00 | 272.00 | 281.00 | OK | |
r-oldrel-macos-arm64 | 0.1.8 | 156.00 | OK | |||
r-oldrel-macos-x86_64 | 0.1.8 | 394.00 | OK | |||
r-oldrel-windows-x86_64 | 0.1.8 | 11.00 | 366.00 | 377.00 | OK |
Version: 0.1.8
Check: Rd cross-references
Result: NOTE
Found the following Rd file(s) with Rd \link{} targets missing package
anchors:
est_change_plot.Rd: ggplot2
index_plot.Rd: ggplot2
influence_plot.Rd: ggplot2
Please provide package anchors for all Rd \link{} targets not in the
package itself and the base packages.
Flavors: r-devel-linux-x86_64-debian-clang, r-devel-linux-x86_64-debian-gcc, r-devel-windows-x86_64