Last updated on 2024-08-15 20:48:26 CEST.
Flavor | Version | Tinstall | Tcheck | Ttotal | Status | Flags |
---|---|---|---|---|---|---|
r-devel-linux-x86_64-debian-clang | 0.6.1 | 16.04 | 130.55 | 146.59 | NOTE | |
r-devel-linux-x86_64-debian-gcc | 0.6.1 | 11.29 | 90.94 | 102.23 | NOTE | |
r-devel-linux-x86_64-fedora-clang | 0.6.1 | 231.55 | OK | |||
r-devel-linux-x86_64-fedora-gcc | 0.6.1 | 234.45 | OK | |||
r-devel-windows-x86_64 | 0.6.1 | 16.00 | 138.00 | 154.00 | NOTE | |
r-patched-linux-x86_64 | 0.6.1 | 17.63 | 120.56 | 138.19 | OK | |
r-release-linux-x86_64 | 0.6.1 | 14.82 | 124.31 | 139.13 | OK | |
r-release-macos-arm64 | 0.6.1 | 70.00 | OK | |||
r-release-macos-x86_64 | 0.6.1 | 109.00 | OK | |||
r-release-windows-x86_64 | 0.6.1 | 18.00 | 139.00 | 157.00 | OK | |
r-oldrel-macos-arm64 | 0.6.1 | 80.00 | OK | |||
r-oldrel-macos-x86_64 | 0.6.1 | 131.00 | OK | |||
r-oldrel-windows-x86_64 | 0.6.1 | 20.00 | 178.00 | 198.00 | OK |
Version: 0.6.1
Check: Rd cross-references
Result: NOTE
Found the following Rd file(s) with Rd \link{} targets missing package
anchors:
R2.Rd: predict.merMod, hatvalues.merMod
bootCI.Rd: boot.ci
bootEff.Rd: bootMer, boot
predEff.Rd: predict.merMod, boot.ci
semEff.Rd: boot.ci
Please provide package anchors for all Rd \link{} targets not in the
package itself and the base packages.
Flavors: r-devel-linux-x86_64-debian-clang, r-devel-linux-x86_64-debian-gcc, r-devel-windows-x86_64