Last updated on 2024-03-27 19:57:05 CET.
Flavor | Version | Tinstall | Tcheck | Ttotal | Status | Flags |
---|---|---|---|---|---|---|
r-devel-linux-x86_64-debian-clang | 3.1-15 | 24.20 | 141.23 | 165.43 | NOTE | |
r-devel-linux-x86_64-debian-gcc | 3.1-15 | 19.90 | 104.66 | 124.56 | NOTE | |
r-devel-linux-x86_64-fedora-clang | 3.1-15 | 218.30 | NOTE | |||
r-devel-linux-x86_64-fedora-gcc | 3.1-15 | 202.06 | NOTE | |||
r-devel-windows-x86_64 | 3.1-15 | 26.00 | 119.00 | 145.00 | NOTE | |
r-patched-linux-x86_64 | 3.1-15 | 31.38 | 135.71 | 167.09 | OK | |
r-release-linux-x86_64 | 3.1-15 | 24.45 | 136.17 | 160.62 | OK | |
r-release-macos-arm64 | 3.1-15 | 63.00 | OK | |||
r-release-macos-x86_64 | 3.1-15 | 103.00 | OK | |||
r-release-windows-x86_64 | 3.1-15 | 32.00 | 166.00 | 198.00 | OK | |
r-oldrel-macos-arm64 | 3.1-15 | 60.00 | OK | |||
r-oldrel-windows-x86_64 | 3.1-15 | 32.00 | 171.00 | 203.00 | OK |
Version: 3.1-15
Check: Rd files
Result: NOTE
checkRd: (-1) information.criteria.Rd:33: Lost braces
33 | \emph{Psychometrika} bold{52}, 345--370.
| ^
checkRd: (-1) specifyModel.Rd:49: Lost braces
49 | to specifying the ]code{file} argument or reading the model specification from
| ^
Flavors: r-devel-linux-x86_64-debian-clang, r-devel-linux-x86_64-debian-gcc, r-devel-linux-x86_64-fedora-clang, r-devel-linux-x86_64-fedora-gcc, r-devel-windows-x86_64