Last updated on 2024-03-28 19:48:45 CET.
Flavor | Version | Tinstall | Tcheck | Ttotal | Status | Flags |
---|---|---|---|---|---|---|
r-devel-linux-x86_64-debian-clang | 1.2.5 | 69.43 | 129.75 | 199.18 | OK | |
r-devel-linux-x86_64-debian-gcc | 1.2.5 | 48.68 | 94.10 | 142.78 | OK | |
r-devel-linux-x86_64-fedora-clang | 1.2.5 | 255.13 | OK | |||
r-devel-linux-x86_64-fedora-gcc | 1.2.5 | 245.72 | OK | |||
r-devel-windows-x86_64 | 1.2.5 | 52.00 | 130.00 | 182.00 | OK | |
r-patched-linux-x86_64 | 1.2.5 | 54.82 | 126.59 | 181.41 | OK | |
r-release-linux-x86_64 | 1.2.5 | 52.79 | 124.51 | 177.30 | OK | |
r-release-macos-arm64 | 1.2.5 | 63.00 | OK | |||
r-release-macos-x86_64 | 1.2.5 | 115.00 | NOTE | |||
r-release-windows-x86_64 | 1.2.5 | 64.00 | 161.00 | 225.00 | OK | |
r-oldrel-macos-arm64 | 1.2.5 | 75.00 | OK | |||
r-oldrel-windows-x86_64 | 1.2.5 | 61.00 | 163.00 | 224.00 | OK |
Version: 1.2.5
Check: package dependencies
Result: NOTE
Package suggested but not available for checking: ‘Rmpfr’
Flavor: r-release-macos-x86_64