Last updated on 2025-05-09 20:50:03 CEST.
Flavor | Version | Tinstall | Tcheck | Ttotal | Status | Flags |
---|---|---|---|---|---|---|
r-devel-linux-x86_64-debian-clang | 0.1.2 | 1.62 | 16.08 | 17.70 | OK | |
r-devel-linux-x86_64-debian-gcc | 0.1.2 | 1.27 | 13.17 | 14.44 | OK | |
r-devel-linux-x86_64-fedora-clang | 0.1.2 | 27.83 | OK | |||
r-devel-linux-x86_64-fedora-gcc | 0.1.2 | 25.99 | OK | |||
r-devel-windows-x86_64 | 0.1.2 | 3.00 | 34.00 | 37.00 | OK | |
r-patched-linux-x86_64 | 0.1.2 | 1.73 | 15.48 | 17.21 | OK | |
r-release-linux-x86_64 | 0.1.2 | 1.48 | 15.53 | 17.01 | OK | |
r-release-macos-arm64 | 0.1.2 | 16.00 | OK | |||
r-release-macos-x86_64 | 0.1.2 | 20.00 | OK | |||
r-release-windows-x86_64 | 0.1.2 | 3.00 | 35.00 | 38.00 | OK | |
r-oldrel-macos-arm64 | 0.1.2 | 12.00 | NOTE | |||
r-oldrel-macos-x86_64 | 0.1.2 | 18.00 | NOTE | |||
r-oldrel-windows-x86_64 | 0.1.2 | 2.00 | 33.00 | 35.00 | NOTE |
Version: 0.1.2
Check: LazyData
Result: NOTE
'LazyData' is specified without a 'data' directory
Flavors: r-oldrel-macos-arm64, r-oldrel-macos-x86_64, r-oldrel-windows-x86_64