Last updated on 2024-03-28 19:48:45 CET.
Flavor | Version | Tinstall | Tcheck | Ttotal | Status | Flags |
---|---|---|---|---|---|---|
r-devel-linux-x86_64-debian-clang | 1.3.4 | 7.91 | 69.77 | 77.68 | NOTE | |
r-devel-linux-x86_64-debian-gcc | 1.3.4 | 6.71 | 52.70 | 59.41 | NOTE | |
r-devel-linux-x86_64-fedora-clang | 1.3.4 | 96.23 | NOTE | |||
r-devel-linux-x86_64-fedora-gcc | 1.3.4 | 95.34 | NOTE | |||
r-devel-windows-x86_64 | 1.3.4 | 9.00 | 75.00 | 84.00 | NOTE | |
r-patched-linux-x86_64 | 1.3.4 | 5.78 | 68.26 | 74.04 | NOTE | |
r-release-linux-x86_64 | 1.3.4 | 7.44 | 68.81 | 76.25 | NOTE | |
r-release-macos-arm64 | 1.3.4 | 29.00 | NOTE | |||
r-release-macos-x86_64 | 1.3.4 | 44.00 | NOTE | |||
r-release-windows-x86_64 | 1.3.4 | 11.00 | 86.00 | 97.00 | NOTE | |
r-oldrel-macos-arm64 | 1.3.4 | 27.00 | NOTE | |||
r-oldrel-windows-x86_64 | 1.3.4 | 13.00 | 90.00 | 103.00 | NOTE |
Version: 1.3.4
Check: LazyData
Result: NOTE
'LazyData' is specified without a 'data' directory
Flavors: r-devel-linux-x86_64-debian-clang, r-devel-linux-x86_64-debian-gcc, r-devel-linux-x86_64-fedora-clang, r-devel-linux-x86_64-fedora-gcc, r-devel-windows-x86_64, r-patched-linux-x86_64, r-release-linux-x86_64, r-release-macos-arm64, r-release-macos-x86_64, r-release-windows-x86_64, r-oldrel-macos-arm64, r-oldrel-windows-x86_64
Version: 1.3.4
Check: dependencies in R code
Result: NOTE
Namespaces in Imports field not imported from:
‘cluster’ ‘factoextra’ ‘tidyr’
All declared Imports should be used.
Flavors: r-devel-linux-x86_64-fedora-clang, r-devel-linux-x86_64-fedora-gcc, r-oldrel-macos-arm64