Last updated on 2024-03-28 19:48:45 CET.
Flavor | Version | Tinstall | Tcheck | Ttotal | Status | Flags |
---|---|---|---|---|---|---|
r-devel-linux-x86_64-debian-clang | 2.0-3 | 31.13 | 162.74 | 193.87 | OK | |
r-devel-linux-x86_64-debian-gcc | 2.0-3 | 25.25 | 114.02 | 139.27 | OK | |
r-devel-linux-x86_64-fedora-clang | 2.0-3 | 225.11 | OK | |||
r-devel-linux-x86_64-fedora-gcc | 2.0-3 | 221.08 | OK | |||
r-devel-windows-x86_64 | 2.0-3 | 23.00 | 124.00 | 147.00 | OK | |
r-patched-linux-x86_64 | 2.0-3 | 31.86 | 152.95 | 184.81 | OK | |
r-release-linux-x86_64 | 2.0-3 | 28.04 | 158.29 | 186.33 | OK | |
r-release-macos-arm64 | 2.0-3 | 62.00 | OK | |||
r-release-macos-x86_64 | 2.0-3 | 152.00 | OK | |||
r-release-windows-x86_64 | 2.0-3 | 23.00 | 152.00 | 175.00 | OK | |
r-oldrel-macos-arm64 | 2.0-3 | 60.00 | NOTE | |||
r-oldrel-windows-x86_64 | 2.0-3 | 33.00 | 153.00 | 186.00 | NOTE |
Version: 2.0-3
Check: S3 generic/method consistency
Result: NOTE
Found the following apparent S3 methods exported but not registered:
model.matrix.segmented model.matrix.stepmented vcov.stepmented
See section ‘Registering S3 methods’ in the ‘Writing R Extensions’
manual.
Flavors: r-oldrel-macos-arm64, r-oldrel-windows-x86_64