Last updated on 2025-05-08 20:49:48 CEST.
Flavor | Version | Tinstall | Tcheck | Ttotal | Status | Flags |
---|---|---|---|---|---|---|
r-devel-linux-x86_64-debian-clang | 0.1.2 | 17.89 | 86.00 | 103.89 | NOTE | |
r-devel-linux-x86_64-debian-gcc | 0.1.2 | 12.59 | 63.06 | 75.65 | NOTE | |
r-devel-linux-x86_64-fedora-clang | 0.1.2 | 191.59 | OK | |||
r-devel-linux-x86_64-fedora-gcc | 0.1.2 | 183.89 | OK | |||
r-devel-windows-x86_64 | 0.1.2 | 20.00 | 121.00 | 141.00 | OK | |
r-patched-linux-x86_64 | 0.1.2 | 18.67 | 82.95 | 101.62 | OK | |
r-release-linux-x86_64 | 0.1.2 | 17.58 | 82.66 | 100.24 | OK | |
r-release-macos-arm64 | 0.1.2 | 82.00 | OK | |||
r-release-macos-x86_64 | 0.1.2 | 124.00 | OK | |||
r-release-windows-x86_64 | 0.1.2 | 20.00 | 128.00 | 148.00 | OK | |
r-oldrel-macos-arm64 | 0.1.2 | 54.00 | OK | |||
r-oldrel-macos-x86_64 | 0.1.2 | 76.00 | OK | |||
r-oldrel-windows-x86_64 | 0.1.2 | 19.00 | 153.00 | 172.00 | OK |
Version: 0.1.2
Check: CRAN incoming feasibility
Result: NOTE
Maintainer: ‘Rainer Machne <raim@tbi.univie.ac.at>’
No Authors@R field in DESCRIPTION.
Please add one, modifying
Authors@R: c(person(given = "Rainer",
family = "Machne",
role = c("aut", "cre"),
email = "raim@tbi.univie.ac.at"),
person(given = c("Douglas", "B."),
family = "Murray",
role = "aut"),
person(given = c("Peter", "F."),
family = "Stadler",
role = "aut"))
as necessary.
Flavors: r-devel-linux-x86_64-debian-clang, r-devel-linux-x86_64-debian-gcc