Last updated on 2024-07-17 20:57:11 CEST.
Flavor | Version | Tinstall | Tcheck | Ttotal | Status | Flags |
---|---|---|---|---|---|---|
r-devel-linux-x86_64-debian-clang | 2.2.3 | 19.97 | 182.65 | 202.62 | OK | |
r-devel-linux-x86_64-debian-gcc | 2.2.3 | 11.42 | 132.27 | 143.69 | OK | |
r-devel-linux-x86_64-fedora-clang | 2.2.3 | 252.52 | OK | |||
r-devel-linux-x86_64-fedora-gcc | 2.2.3 | 245.57 | OK | |||
r-devel-windows-x86_64 | 2.2.3 | 16.00 | 195.00 | 211.00 | NOTE | |
r-patched-linux-x86_64 | 2.2.3 | 24.11 | 171.39 | 195.50 | OK | |
r-release-linux-x86_64 | 2.2.3 | 13.23 | 167.03 | 180.26 | OK | |
r-release-macos-arm64 | 2.2.3 | 72.00 | OK | |||
r-release-macos-x86_64 | 2.2.3 | 171.00 | OK | |||
r-release-windows-x86_64 | 2.2.3 | 14.00 | 198.00 | 212.00 | OK | |
r-oldrel-macos-arm64 | 2.2.3 | 83.00 | OK | |||
r-oldrel-macos-x86_64 | 2.2.3 | 207.00 | OK | |||
r-oldrel-windows-x86_64 | 2.2.3 | 20.00 | 231.00 | 251.00 | OK |
Version: 2.2.3
Check: Rd cross-references
Result: NOTE
Found the following Rd file(s) with Rd \link{} targets missing package
anchors:
noisew.Rd: pulse
synth.Rd: pulse
synth2.Rd: pulse
Please provide package anchors for all Rd \link{} targets not in the
package itself and the base packages.
Flavor: r-devel-windows-x86_64