Last updated on 2024-04-23 20:52:18 CEST.
Flavor | Version | Tinstall | Tcheck | Ttotal | Status | Flags |
---|---|---|---|---|---|---|
r-devel-linux-x86_64-debian-clang | 0.9.1 | 7.13 | 72.91 | 80.04 | OK | |
r-devel-linux-x86_64-debian-gcc | 0.9.1 | 6.51 | 54.37 | 60.88 | OK | |
r-devel-linux-x86_64-fedora-clang | 0.9.1 | 104.26 | NOTE | |||
r-devel-linux-x86_64-fedora-gcc | 0.9.1 | 110.25 | OK | |||
r-prerel-macos-arm64 | 0.9.1 | 39.00 | NOTE | |||
r-prerel-windows-x86_64 | 0.9.1 | 7.00 | 72.00 | 79.00 | OK | |
r-patched-linux-x86_64 | 0.9.1 | 13.63 | 70.84 | 84.47 | OK | |
r-release-linux-x86_64 | 0.9.1 | 5.06 | 68.34 | 73.40 | OK | |
r-release-macos-arm64 | 0.9.1 | 39.00 | NOTE | |||
r-release-macos-x86_64 | 0.9.1 | 57.00 | NOTE | |||
r-release-windows-x86_64 | 0.9.1 | 10.00 | 85.00 | 95.00 | OK | |
r-oldrel-macos-arm64 | 0.9.1 | 30.00 | NOTE | |||
r-oldrel-windows-x86_64 | 0.9.1 | 12.00 | 86.00 | 98.00 | OK |
Version: 0.9.1
Check: package dependencies
Result: NOTE
Package suggested but not available for checking: ‘rsbml’
Flavors: r-devel-linux-x86_64-fedora-clang, r-prerel-macos-arm64, r-release-macos-arm64, r-release-macos-x86_64, r-oldrel-macos-arm64