Last updated on 2024-03-27 19:57:05 CET.
Flavor | Version | Tinstall | Tcheck | Ttotal | Status | Flags |
---|---|---|---|---|---|---|
r-devel-linux-x86_64-debian-clang | 3.0.2 | 106.26 | 132.41 | 238.67 | OK | |
r-devel-linux-x86_64-debian-gcc | 3.0.2 | 83.24 | 106.74 | 189.98 | OK | |
r-devel-linux-x86_64-fedora-clang | 3.0.2 | 303.86 | NOTE | |||
r-devel-linux-x86_64-fedora-gcc | 3.0.2 | 328.24 | OK | |||
r-devel-windows-x86_64 | 3.0.2 | 79.00 | 133.00 | 212.00 | OK | |
r-patched-linux-x86_64 | 3.0.2 | 103.41 | 127.31 | 230.72 | OK | |
r-release-linux-x86_64 | 3.0.2 | 99.14 | 128.73 | 227.87 | OK | |
r-release-macos-arm64 | 3.0.2 | 100.00 | NOTE | |||
r-release-macos-x86_64 | 3.0.2 | 140.00 | NOTE | |||
r-release-windows-x86_64 | 3.0.2 | 99.00 | 162.00 | 261.00 | OK | |
r-oldrel-macos-arm64 | 3.0.2 | 90.00 | NOTE | |||
r-oldrel-windows-x86_64 | 3.0.2 | 92.00 | 163.00 | 255.00 | OK |
Version: 3.0.2
Check: Rd cross-references
Result: NOTE
Undeclared package ‘subplex’ in Rd xrefs
Flavor: r-devel-linux-x86_64-fedora-clang
Version: 3.0.2
Check: installed package size
Result: NOTE
installed size is 9.0Mb
sub-directories of 1Mb or more:
libs 8.4Mb
Flavors: r-release-macos-arm64, r-release-macos-x86_64, r-oldrel-macos-arm64