Last updated on 2025-07-25 20:49:41 CEST.
Flavor | Version | Tinstall | Tcheck | Ttotal | Status | Flags |
---|---|---|---|---|---|---|
r-devel-linux-x86_64-debian-clang | 3.1.0 | 66.27 | 125.19 | 191.46 | NOTE | |
r-devel-linux-x86_64-debian-gcc | 3.5.0 | 66.33 | 187.81 | 254.14 | NOTE | |
r-devel-linux-x86_64-fedora-clang | 3.5.0 | 369.77 | OK | |||
r-devel-linux-x86_64-fedora-gcc | 3.5.0 | 386.81 | OK | |||
r-devel-windows-x86_64 | 3.1.0 | 78.00 | 152.00 | 230.00 | NOTE | |
r-patched-linux-x86_64 | 3.1.0 | 67.79 | 120.63 | 188.42 | NOTE | |
r-release-linux-x86_64 | 3.1.0 | 67.85 | 120.29 | 188.14 | NOTE | |
r-release-macos-arm64 | 3.1.0 | 99.00 | OK | |||
r-release-macos-x86_64 | 3.5.0 | 179.00 | OK | |||
r-release-windows-x86_64 | 3.5.0 | 96.00 | 156.00 | 252.00 | OK | |
r-oldrel-macos-arm64 | 3.1.0 | 57.00 | NOTE | |||
r-oldrel-macos-x86_64 | 3.5.0 | 185.00 | NOTE | |||
r-oldrel-windows-x86_64 | 3.5.0 | 98.00 | 190.00 | 288.00 | OK |
Version: 3.1.0
Check: Rd cross-references
Result: NOTE
Found the following Rd file(s) with Rd \link{} targets missing package
anchors:
cla_secsse_ml.Rd: DDD
cla_secsse_ml_func_def_pars.Rd: DDD
default_params_doc.Rd: DDD
secsse_ml.Rd: DDD
secsse_ml_func_def_pars.Rd: DDD
Please provide package anchors for all Rd \link{} targets not in the
package itself and the base packages.
Flavors: r-devel-linux-x86_64-debian-clang, r-devel-windows-x86_64, r-patched-linux-x86_64, r-release-linux-x86_64
Version: 3.5.0
Check: re-building of vignette outputs
Result: NOTE
Re-building vignettes had CPU time 2.6 times elapsed time
Flavor: r-devel-linux-x86_64-debian-gcc
Version: 3.1.0
Check: installed package size
Result: NOTE
installed size is 9.6Mb
sub-directories of 1Mb or more:
doc 1.1Mb
libs 8.2Mb
Flavor: r-oldrel-macos-arm64
Version: 3.5.0
Check: installed package size
Result: NOTE
installed size is 12.3Mb
sub-directories of 1Mb or more:
doc 1.4Mb
libs 10.5Mb
Flavor: r-oldrel-macos-x86_64