Last updated on 2025-05-07 20:49:57 CEST.
Flavor | Version | Tinstall | Tcheck | Ttotal | Status | Flags |
---|---|---|---|---|---|---|
r-devel-linux-x86_64-debian-clang | 0.3.15 | 12.66 | 364.09 | 376.75 | NOTE | |
r-devel-linux-x86_64-debian-gcc | 0.3.15 | 7.97 | 202.48 | 210.45 | NOTE | |
r-devel-linux-x86_64-fedora-clang | 0.3.15 | 619.47 | OK | |||
r-devel-linux-x86_64-fedora-gcc | 0.3.15 | 596.33 | OK | |||
r-devel-windows-x86_64 | 0.3.15 | 15.00 | 301.00 | 316.00 | NOTE | |
r-patched-linux-x86_64 | 0.3.15 | 12.65 | 335.30 | 347.95 | NOTE | |
r-release-linux-x86_64 | 0.3.15 | 12.54 | 339.56 | 352.10 | NOTE | |
r-release-macos-arm64 | 0.3.15 | 134.00 | OK | |||
r-release-macos-x86_64 | 0.3.15 | 304.00 | OK | |||
r-release-windows-x86_64 | 0.3.15 | 13.00 | 302.00 | 315.00 | NOTE | |
r-oldrel-macos-arm64 | 0.3.15 | 128.00 | OK | |||
r-oldrel-macos-x86_64 | 0.3.15 | 219.00 | OK | |||
r-oldrel-windows-x86_64 | 0.3.15 | 19.00 | 445.00 | 464.00 | OK |
Version: 0.3.15
Check: CRAN incoming feasibility
Result: NOTE
Maintainer: ‘Adrian Barnett <a.barnett@qut.edu.au>’
No Authors@R field in DESCRIPTION.
Please add one, modifying
Authors@R: c(person(given = "Adrian",
family = "Barnett",
role = c("aut", "cre"),
email = "a.barnett@qut.edu.au"),
person(given = "Peter",
family = "Baker",
role = "aut"),
person(given = "Oliver",
family = "Hughes",
role = "aut"))
as necessary.
Package CITATION file contains call(s) to old-style personList() or
as.personList(). Please use c() on person objects instead.
Package CITATION file contains call(s) to old-style citEntry(). Please
use bibentry() instead.
Flavors: r-devel-linux-x86_64-debian-clang, r-devel-linux-x86_64-debian-gcc
Version: 0.3.15
Check: Rd cross-references
Result: NOTE
Found the following Rd file(s) with Rd \link{} targets missing package
anchors:
casecross.Rd: coxph
Please provide package anchors for all Rd \link{} targets not in the
package itself and the base packages.
Flavors: r-devel-linux-x86_64-debian-clang, r-devel-linux-x86_64-debian-gcc, r-devel-windows-x86_64, r-patched-linux-x86_64, r-release-linux-x86_64, r-release-windows-x86_64