CRAN Package Check Results for Package seas

Last updated on 2023-10-04 20:42:39 CEST.

Flavor Version Tinstall Tcheck Ttotal Status Flags
r-devel-linux-x86_64-debian-clang 0.6-0 8.71 68.88 77.59 OK
r-devel-linux-x86_64-debian-gcc 0.6-0 6.25 52.51 58.76 OK
r-devel-linux-x86_64-fedora-clang 0.6-0 94.09 NOTE
r-devel-linux-x86_64-fedora-gcc 0.6-0 92.23 NOTE
r-devel-windows-x86_64 0.6-0 12.00 89.00 101.00 OK
r-patched-linux-x86_64 0.6-0 9.33 67.22 76.55 OK
r-release-linux-x86_64 0.6-0 8.06 68.75 76.81 OK
r-release-macos-arm64 0.6-0 30.00 OK
r-release-macos-x86_64 0.6-0 47.00 OK
r-release-windows-x86_64 0.6-0 12.00 99.00 111.00 OK
r-oldrel-macos-arm64 0.6-0 30.00 OK
r-oldrel-macos-x86_64 0.6-0 40.00 NOTE
r-oldrel-windows-x86_64 0.6-0 13.00 93.00 106.00 OK

Check Details

Version: 0.6-0
Check: data for non-ASCII characters
Result: NOTE
     Note: found 3 marked UTF-8 strings
Flavors: r-devel-linux-x86_64-fedora-clang, r-devel-linux-x86_64-fedora-gcc, r-oldrel-macos-x86_64