CRAN Package Check Results for Package seas

Last updated on 2022-09-28 21:51:49 CEST.

Flavor Version Tinstall Tcheck Ttotal Status Flags
r-devel-linux-x86_64-debian-clang 0.6-0 7.24 66.92 74.16 OK
r-devel-linux-x86_64-debian-gcc 0.6-0 6.27 50.64 56.91 OK
r-devel-linux-x86_64-fedora-clang 0.6-0 104.14 NOTE
r-devel-linux-x86_64-fedora-gcc 0.6-0 98.60 NOTE
r-devel-windows-x86_64 0.6-0 26.00 105.00 131.00 OK
r-patched-linux-x86_64 0.6-0 10.65 65.16 75.81 OK
r-release-linux-x86_64 0.6-0 8.28 62.75 71.03 OK
r-release-macos-arm64 0.6-0 30.00 NOTE
r-release-macos-x86_64 0.6-0 40.00 NOTE
r-release-windows-x86_64 0.6-0 20.00 108.00 128.00 OK
r-oldrel-macos-arm64 0.6-0 28.00 NOTE
r-oldrel-macos-x86_64 0.6-0 40.00 NOTE
r-oldrel-windows-ix86+x86_64 0.6-0 17.00 142.00 159.00 OK

Check Details

Version: 0.6-0
Check: data for non-ASCII characters
Result: NOTE
     Note: found 3 marked UTF-8 strings
Flavors: r-devel-linux-x86_64-fedora-clang, r-devel-linux-x86_64-fedora-gcc, r-release-macos-arm64, r-release-macos-x86_64, r-oldrel-macos-arm64, r-oldrel-macos-x86_64