Last updated on 2025-07-19 21:49:48 CEST.
Flavor | Version | Tinstall | Tcheck | Ttotal | Status | Flags |
---|---|---|---|---|---|---|
r-devel-linux-x86_64-debian-clang | 1.0.5 | 8.42 | 55.78 | 64.20 | NOTE | |
r-devel-linux-x86_64-debian-gcc | 1.0.5 | 5.89 | 42.40 | 48.29 | NOTE | |
r-devel-linux-x86_64-fedora-clang | 1.0.5 | 99.11 | OK | |||
r-devel-linux-x86_64-fedora-gcc | 1.0.5 | 92.25 | OK | |||
r-devel-windows-x86_64 | 1.0.5 | 11.00 | 79.00 | 90.00 | OK | |
r-patched-linux-x86_64 | 1.0.5 | 8.27 | 54.58 | 62.85 | OK | |
r-release-linux-x86_64 | 1.0.5 | 6.58 | 54.73 | 61.31 | OK | |
r-release-macos-arm64 | 1.0.5 | 42.00 | OK | |||
r-release-macos-x86_64 | 1.0.5 | 57.00 | OK | |||
r-release-windows-x86_64 | 1.0.5 | 10.00 | 71.00 | 81.00 | OK | |
r-oldrel-macos-arm64 | 1.0.5 | 33.00 | OK | |||
r-oldrel-macos-x86_64 | 1.0.5 | 46.00 | OK | |||
r-oldrel-windows-x86_64 | 1.0.5 | 13.00 | 83.00 | 96.00 | OK |
Version: 1.0.5
Check: CRAN incoming feasibility
Result: NOTE
Maintainer: ‘Boxiang Wang <boxiang-wang@uiowa.edu>’
No Authors@R field in DESCRIPTION.
Please add one, modifying
Authors@R: c(person(given = "Boxiang",
family = "Wang",
role = c("aut", "cre"),
email = "boxiang-wang@uiowa.edu"),
person(given = "Hui",
family = "Zou",
role = "aut"))
as necessary.
Flavors: r-devel-linux-x86_64-debian-clang, r-devel-linux-x86_64-debian-gcc