Last updated on 2024-04-18 21:57:05 CEST.
Flavor | Version | Tinstall | Tcheck | Ttotal | Status | Flags |
---|---|---|---|---|---|---|
r-devel-linux-x86_64-debian-clang | 1.3.8 | 3.19 | 32.57 | 35.76 | NOTE | |
r-devel-linux-x86_64-debian-gcc | 1.3.8 | 2.33 | 25.34 | 27.67 | NOTE | |
r-devel-linux-x86_64-fedora-clang | 1.3.8 | 44.83 | NOTE | |||
r-devel-linux-x86_64-fedora-gcc | 1.3.8 | 44.98 | NOTE | |||
r-prerel-macos-arm64 | 1.3.8 | 19.00 | NOTE | |||
r-prerel-windows-x86_64 | 1.3.8 | 4.00 | 48.00 | 52.00 | NOTE | |
r-patched-linux-x86_64 | 1.3.8 | 2.15 | 32.11 | 34.26 | NOTE | |
r-release-linux-x86_64 | 1.3.8 | 3.34 | 30.63 | 33.97 | OK | |
r-release-macos-arm64 | 1.3.8 | 20.00 | OK | |||
r-release-macos-x86_64 | 1.3.8 | 28.00 | OK | |||
r-release-windows-x86_64 | 1.3.8 | 4.00 | 49.00 | 53.00 | OK | |
r-oldrel-macos-arm64 | 1.3.8 | 21.00 | OK | |||
r-oldrel-windows-x86_64 | 1.3.8 | 5.00 | 55.00 | 60.00 | OK |
Version: 1.3.8
Check: Rd files
Result: NOTE
checkRd: (-1) sda.Rd:36-37: Lost braces in \itemize; meant \describe ?
checkRd: (-1) sda.Rd:38: Lost braces in \itemize; meant \describe ?
checkRd: (-1) sda.Rd:40: Lost braces in \itemize; meant \describe ?
checkRd: (-1) sda.package.Rd:22: Lost braces in \itemize; meant \describe ?
checkRd: (-1) sda.package.Rd:23: Lost braces in \itemize; meant \describe ?
checkRd: (-1) sda.package.Rd:24: Lost braces in \itemize; meant \describe ?
Flavors: r-devel-linux-x86_64-debian-clang, r-devel-linux-x86_64-debian-gcc, r-devel-linux-x86_64-fedora-clang, r-devel-linux-x86_64-fedora-gcc, r-prerel-macos-arm64, r-prerel-windows-x86_64, r-patched-linux-x86_64