Last updated on 2023-06-01 21:53:07 CEST.
Flavor | Version | Tinstall | Tcheck | Ttotal | Status | Flags |
---|---|---|---|---|---|---|
r-devel-linux-x86_64-debian-clang | 1.0.2 | 41.41 | 337.96 | 379.37 | OK | |
r-devel-linux-x86_64-debian-gcc | 1.0.2 | 31.49 | 255.81 | 287.30 | OK | |
r-devel-linux-x86_64-fedora-clang | 1.0.2 | 497.21 | NOTE | |||
r-devel-linux-x86_64-fedora-gcc | 1.0.2 | 490.38 | NOTE | |||
r-devel-windows-x86_64 | 1.0.2 | 30.00 | 206.00 | 236.00 | OK | |
r-patched-linux-x86_64 | 1.0.2 | OK | ||||
r-release-linux-x86_64 | 1.0.2 | 24.17 | 320.53 | 344.70 | OK | |
r-release-macos-arm64 | 1.0.2 | 118.00 | OK | |||
r-release-macos-x86_64 | 1.0.2 | 213.00 | OK | |||
r-release-windows-x86_64 | 1.0.2 | 43.00 | 295.00 | 338.00 | OK | |
r-oldrel-macos-arm64 | 1.0.2 | 89.00 | NOTE | |||
r-oldrel-macos-x86_64 | 1.0.2 | 161.00 | NOTE | |||
r-oldrel-windows-x86_64 | 1.0.2 | 40.00 | 286.00 | 326.00 | OK |
Version: 1.0.2
Check: dependencies in R code
Result: NOTE
Namespaces in Imports field not imported from:
‘rgdal’ ‘rgeos’ ‘tidyr’
All declared Imports should be used.
Flavors: r-devel-linux-x86_64-fedora-clang, r-devel-linux-x86_64-fedora-gcc, r-oldrel-macos-arm64, r-oldrel-macos-x86_64