Last updated on 2024-04-22 20:53:49 CEST.
Flavor | Version | Tinstall | Tcheck | Ttotal | Status | Flags |
---|---|---|---|---|---|---|
r-devel-linux-x86_64-debian-clang | 1.0-0 | 12.80 | 100.86 | 113.66 | NOTE | |
r-devel-linux-x86_64-debian-gcc | 1.0-0 | 9.44 | 73.30 | 82.74 | NOTE | |
r-devel-linux-x86_64-fedora-clang | 1.0-0 | 136.23 | NOTE | |||
r-devel-linux-x86_64-fedora-gcc | 1.0-0 | 142.86 | NOTE | |||
r-prerel-macos-arm64 | 1.0-0 | 38.00 | NOTE | |||
r-prerel-windows-x86_64 | 1.0-0 | 11.00 | 89.00 | 100.00 | NOTE | |
r-patched-linux-x86_64 | 1.0-0 | 12.71 | 96.95 | 109.66 | NOTE | |
r-release-linux-x86_64 | 1.0-0 | 11.30 | 99.64 | 110.94 | NOTE | |
r-release-macos-arm64 | 1.0-0 | 44.00 | NOTE | |||
r-release-macos-x86_64 | 1.0-0 | 69.00 | NOTE | |||
r-release-windows-x86_64 | 1.0-0 | 13.00 | 107.00 | 120.00 | NOTE | |
r-oldrel-macos-arm64 | 1.0-0 | 36.00 | NOTE | |||
r-oldrel-windows-x86_64 | 1.0-0 | 14.00 | 106.00 | 120.00 | NOTE |
Version: 1.0-0
Check: Rd files
Result: NOTE
checkRd: (-1) hyperpar.Rd:17: Lost braces
17 | \item{c}{denotes the expected range of eqn{f} .}
| ^
Flavors: r-devel-linux-x86_64-debian-clang, r-devel-linux-x86_64-debian-gcc, r-devel-linux-x86_64-fedora-clang, r-devel-linux-x86_64-fedora-gcc, r-prerel-macos-arm64, r-prerel-windows-x86_64, r-patched-linux-x86_64
Version: 1.0-0
Check: LazyData
Result: NOTE
'LazyData' is specified without a 'data' directory
Flavors: r-devel-linux-x86_64-debian-clang, r-devel-linux-x86_64-debian-gcc, r-devel-linux-x86_64-fedora-clang, r-devel-linux-x86_64-fedora-gcc, r-prerel-macos-arm64, r-prerel-windows-x86_64, r-patched-linux-x86_64, r-release-linux-x86_64, r-release-macos-arm64, r-release-macos-x86_64, r-release-windows-x86_64, r-oldrel-macos-arm64, r-oldrel-windows-x86_64