Last updated on 2024-04-26 21:57:31 CEST.
Flavor | Version | Tinstall | Tcheck | Ttotal | Status | Flags |
---|---|---|---|---|---|---|
r-devel-linux-x86_64-debian-clang | 0.0.1.0 | 12.90 | 117.80 | 130.70 | NOTE | |
r-devel-linux-x86_64-debian-gcc | 0.0.1.0 | 10.17 | 85.67 | 95.84 | NOTE | |
r-devel-linux-x86_64-fedora-clang | 0.0.1.0 | 162.06 | NOTE | |||
r-devel-linux-x86_64-fedora-gcc | 0.0.1.0 | 163.35 | NOTE | |||
r-devel-windows-x86_64 | 0.0.1.0 | 13.00 | 102.00 | 115.00 | NOTE | |
r-patched-linux-x86_64 | 0.0.1.0 | 13.02 | 108.79 | 121.81 | NOTE | |
r-release-linux-x86_64 | 0.0.1.0 | 13.25 | 114.45 | 127.70 | NOTE | |
r-release-macos-arm64 | 0.0.1.0 | 46.00 | NOTE | |||
r-release-windows-x86_64 | 0.0.1.0 | 13.00 | 101.00 | 114.00 | NOTE | |
r-oldrel-macos-arm64 | 0.0.1.0 | 48.00 | NOTE | |||
r-oldrel-macos-x86_64 | 0.0.1.0 | 79.00 | NOTE | |||
r-oldrel-windows-x86_64 | 0.0.1.0 | 17.00 | 122.00 | 139.00 | NOTE |
Version: 0.0.1.0
Check: LazyData
Result: NOTE
'LazyData' is specified without a 'data' directory
Flavors: r-devel-linux-x86_64-debian-clang, r-devel-linux-x86_64-debian-gcc, r-devel-linux-x86_64-fedora-clang, r-devel-linux-x86_64-fedora-gcc, r-devel-windows-x86_64, r-patched-linux-x86_64, r-release-linux-x86_64, r-release-macos-arm64, r-release-windows-x86_64, r-oldrel-macos-arm64, r-oldrel-macos-x86_64, r-oldrel-windows-x86_64