Last updated on 2025-11-02 23:49:51 CET.
| Flavor | Version | Tinstall | Tcheck | Ttotal | Status | Flags |
|---|---|---|---|---|---|---|
| r-devel-linux-x86_64-debian-clang | 1.0.2 | 9.05 | 65.63 | 74.68 | NOTE | |
| r-devel-linux-x86_64-debian-gcc | 1.0.2 | 6.74 | 48.70 | 55.44 | NOTE | |
| r-devel-linux-x86_64-fedora-clang | 1.0.2 | 21.00 | 97.65 | 118.65 | NOTE | |
| r-devel-linux-x86_64-fedora-gcc | 1.0.2 | 43.00 | 74.93 | 117.93 | NOTE | |
| r-devel-windows-x86_64 | 1.0.2 | 11.00 | 71.00 | 82.00 | OK | |
| r-patched-linux-x86_64 | 1.0.2 | 9.15 | 62.54 | 71.69 | OK | |
| r-release-linux-x86_64 | 1.0.2 | 9.07 | 61.77 | 70.84 | OK | |
| r-release-macos-arm64 | 1.0.2 | 4.00 | 30.00 | 34.00 | OK | |
| r-release-macos-x86_64 | 1.0.2 | 9.00 | 55.00 | 64.00 | OK | |
| r-release-windows-x86_64 | 1.0.2 | 9.00 | 70.00 | 79.00 | OK | |
| r-oldrel-macos-arm64 | 1.0.2 | 3.00 | 26.00 | 29.00 | OK | |
| r-oldrel-macos-x86_64 | 1.0.2 | 5.00 | 46.00 | 51.00 | OK | |
| r-oldrel-windows-x86_64 | 1.0.2 | 12.00 | 89.00 | 101.00 | OK |
Version: 1.0.2
Check: CRAN incoming feasibility
Result: NOTE
Maintainer: ‘Jaejoon Song <jjsong2@mdanderson.org>’
No Authors@R field in DESCRIPTION.
Please add one, modifying
Authors@R: person(given = "Jaejoon",
family = "Song",
role = c("aut", "cre"),
email = "jjsong2@mdanderson.org")
as necessary.
Flavors: r-devel-linux-x86_64-debian-clang, r-devel-linux-x86_64-debian-gcc
Version: 1.0.2
Check: Rd files
Result: NOTE
checkRd: (-1) ipaq.Rd:17-31: Only 2 columns allowed in this table (row 1 has 1)
checkRd: (-1) ipaq.Rd:39-43: Only 2 columns allowed in this table (row 1 has 1)
checkRd: (-1) pfnorm.Rd:17-24: Only 2 columns allowed in this table (row 1 has 1)
Flavors: r-devel-linux-x86_64-debian-clang, r-devel-linux-x86_64-debian-gcc, r-devel-linux-x86_64-fedora-clang, r-devel-linux-x86_64-fedora-gcc