Last updated on 2023-06-04 21:58:33 CEST.
Flavor | Version | Tinstall | Tcheck | Ttotal | Status | Flags |
---|---|---|---|---|---|---|
r-devel-linux-x86_64-debian-clang | 1.1.0 | 0.45 | 1.79 | 2.24 | ERROR | |
r-devel-linux-x86_64-debian-gcc | 1.1.0 | 39.30 | 100.46 | 139.76 | NOTE | |
r-devel-linux-x86_64-fedora-clang | 1.1.0 | 242.31 | NOTE | |||
r-devel-linux-x86_64-fedora-gcc | 1.1.0 | 246.14 | NOTE | |||
r-devel-windows-x86_64 | 1.1.0 | 46.00 | 131.00 | 177.00 | NOTE | |
r-patched-linux-x86_64 | 1.1.0 | 42.56 | 124.16 | 166.72 | NOTE | |
r-release-linux-x86_64 | 1.1.0 | 38.56 | 124.30 | 162.86 | NOTE | |
r-release-macos-arm64 | 1.1.0 | 62.00 | NOTE | |||
r-release-macos-x86_64 | 1.1.0 | 110.00 | NOTE | |||
r-release-windows-x86_64 | 1.1.0 | 56.00 | 161.00 | 217.00 | NOTE | |
r-oldrel-macos-arm64 | 1.1.0 | 61.00 | NOTE | |||
r-oldrel-macos-x86_64 | 1.1.0 | 89.00 | NOTE | |||
r-oldrel-windows-x86_64 | 1.1.0 | 54.00 | 156.00 | 210.00 | NOTE |
Version: 1.1.0
Check: package dependencies
Result: ERROR
Package required but not available: ‘ggtree’
See section ‘The DESCRIPTION file’ in the ‘Writing R Extensions’
manual.
Flavor: r-devel-linux-x86_64-debian-clang
Version: 1.1.0
Check: C++ specification
Result: NOTE
Specified C++11: please drop specification unless essential
Flavors: r-devel-linux-x86_64-debian-gcc, r-devel-linux-x86_64-fedora-clang, r-devel-linux-x86_64-fedora-gcc, r-devel-windows-x86_64, r-patched-linux-x86_64, r-release-linux-x86_64, r-release-macos-arm64, r-release-macos-x86_64, r-release-windows-x86_64
Version: 1.1.0
Check: for GNU extensions in Makefiles
Result: NOTE
GNU make is a SystemRequirements.
Flavors: r-devel-linux-x86_64-debian-gcc, r-devel-linux-x86_64-fedora-clang, r-devel-linux-x86_64-fedora-gcc, r-devel-windows-x86_64, r-patched-linux-x86_64, r-release-linux-x86_64, r-release-macos-arm64, r-release-macos-x86_64, r-release-windows-x86_64, r-oldrel-macos-arm64, r-oldrel-macos-x86_64, r-oldrel-windows-x86_64
Version: 1.1.0
Check: dependencies in R code
Result: NOTE
Namespace in Imports field not imported from: ‘Rcpp’
All declared Imports should be used.
Flavors: r-devel-linux-x86_64-fedora-clang, r-devel-linux-x86_64-fedora-gcc