Last updated on 2025-05-06 20:50:53 CEST.
Flavor | Version | Tinstall | Tcheck | Ttotal | Status | Flags |
---|---|---|---|---|---|---|
r-devel-linux-x86_64-debian-clang | 0.7.3 | 7.45 | 125.32 | 132.77 | NOTE | |
r-devel-linux-x86_64-debian-gcc | 0.7.3 | 4.92 | 83.51 | 88.43 | NOTE | |
r-devel-linux-x86_64-fedora-clang | 0.7.3 | 203.68 | OK | |||
r-devel-linux-x86_64-fedora-gcc | 0.7.3 | 212.05 | OK | |||
r-devel-windows-x86_64 | 0.7.3 | 9.00 | 0.00 | 9.00 | FAIL | |
r-patched-linux-x86_64 | 0.7.3 | 8.26 | 117.91 | 126.17 | NOTE | |
r-release-linux-x86_64 | 0.7.3 | 6.84 | 117.72 | 124.56 | NOTE | |
r-release-macos-arm64 | 0.7.3 | 61.00 | OK | |||
r-release-macos-x86_64 | 0.7.3 | 137.00 | OK | |||
r-release-windows-x86_64 | 0.7.3 | 10.00 | 136.00 | 146.00 | OK | |
r-oldrel-macos-arm64 | 0.7.3 | 66.00 | OK | |||
r-oldrel-macos-x86_64 | 0.7.3 | 98.00 | OK | |||
r-oldrel-windows-x86_64 | 0.7.3 | 12.00 | 172.00 | 184.00 | OK |
Version: 0.7.3
Check: for unstated dependencies in ‘demo’
Result: NOTE
'library' or 'require' calls not declared from:
‘doSNOW’ ‘foreach’ ‘iterators’ ‘reshape’ ‘rlecuyer’ ‘snow’
Flavors: r-devel-linux-x86_64-debian-clang, r-devel-linux-x86_64-debian-gcc, r-patched-linux-x86_64, r-release-linux-x86_64
Version: 0.7.3
Check: PDF version of manual
Result: FAIL
Check process probably crashed or hung up for 20 minutes ... killed
Most likely this happened in the example checks (?),
if not, ignore the following last lines of example output:
kappa 0.3252274 0.003072559
g_AB 1.0971992 0.101253193
V_g_AB 0.2559108 0.006284954
cnvg_warn 0.0000000 0.000000000
sigma_sq 0.4036832 0.058769253
phi 0.6286014 0.069660527
Tau.id.var(constant) 0.4099285 0.047936458
Tau.id.cov(trend,constant) -0.1015685 0.034867934
Tau.id.var(trend) 0.3181996 0.053061806
RML_coverage1 1.0000000 0.000000000
RML_coverage2 1.0000000 0.000000000
>
>
>
>
> ### * <FOOTER>
> ###
> cleanEx()
> options(digits = 7L)
> base::cat("Time elapsed: ", proc.time() - base::get("ptime", pos = 'CheckExEnv'),"\n")
Time elapsed: 8.86 0.92 9.78 NA NA
> grDevices::dev.off()
null device
1
> ###
> ### Local variables: ***
> ### mode: outline-minor ***
> ### outline-regexp: "\\(> \\)?### [*]+" ***
> ### End: ***
> quit('no')
======== End of example output (where/before crash/hang up occured ?) ========
Flavor: r-devel-windows-x86_64