Last updated on 2025-11-03 21:50:36 CET.
| Flavor | Version | Tinstall | Tcheck | Ttotal | Status | Flags | 
|---|---|---|---|---|---|---|
| r-devel-linux-x86_64-debian-clang | 1.1-4 | 10.53 | 86.19 | 96.72 | NOTE | |
| r-devel-linux-x86_64-debian-gcc | 1.1-4 | 7.24 | 62.29 | 69.53 | NOTE | |
| r-devel-linux-x86_64-fedora-clang | 1.1-4 | 22.00 | 125.19 | 147.19 | NOTE | |
| r-devel-linux-x86_64-fedora-gcc | 1.1-4 | 20.00 | 133.03 | 153.03 | NOTE | |
| r-devel-windows-x86_64 | 1.1-4 | 11.00 | 96.00 | 107.00 | NOTE | |
| r-patched-linux-x86_64 | 1.1-4 | 10.84 | 80.60 | 91.44 | NOTE | |
| r-release-linux-x86_64 | 1.1-4 | 9.29 | 82.30 | 91.59 | NOTE | |
| r-release-macos-arm64 | 1.1-4 | 5.00 | 45.00 | 50.00 | NOTE | |
| r-release-macos-x86_64 | 1.1-4 | 9.00 | 84.00 | 93.00 | NOTE | |
| r-release-windows-x86_64 | 1.1-4 | 12.00 | 99.00 | 111.00 | NOTE | |
| r-oldrel-macos-arm64 | 1.1-4 | 5.00 | 43.00 | 48.00 | NOTE | |
| r-oldrel-macos-x86_64 | 1.1-4 | 7.00 | 67.00 | 74.00 | NOTE | |
| r-oldrel-windows-x86_64 | 1.1-4 | 15.00 | 120.00 | 135.00 | NOTE | 
Version: 1.1-4
Check: Rd files
Result: NOTE
  checkRd: (-1) get.events.Rd:51: Lost braces
      51 |   code{\link[deSolve]{events}}
         |       ^
Flavors: r-devel-linux-x86_64-debian-clang, r-devel-linux-x86_64-debian-gcc, r-devel-linux-x86_64-fedora-clang, r-devel-linux-x86_64-fedora-gcc, r-devel-windows-x86_64, r-patched-linux-x86_64, r-release-linux-x86_64, r-release-macos-arm64, r-release-macos-x86_64, r-release-windows-x86_64, r-oldrel-macos-arm64, r-oldrel-macos-x86_64, r-oldrel-windows-x86_64