Last updated on 2024-07-17 20:57:11 CEST.
Flavor | Version | Tinstall | Tcheck | Ttotal | Status | Flags |
---|---|---|---|---|---|---|
r-devel-linux-x86_64-debian-clang | 1.0 | 19.63 | 181.87 | 201.50 | NOTE | |
r-devel-linux-x86_64-debian-gcc | 1.0 | 16.84 | 131.19 | 148.03 | NOTE | |
r-devel-linux-x86_64-fedora-clang | 1.0 | 255.15 | NOTE | |||
r-devel-linux-x86_64-fedora-gcc | 1.0 | 231.59 | NOTE | |||
r-devel-windows-x86_64 | 1.0 | 20.00 | 141.00 | 161.00 | OK | |
r-patched-linux-x86_64 | 1.0 | 20.18 | 169.63 | 189.81 | NOTE | |
r-release-linux-x86_64 | 1.0 | 18.94 | 172.68 | 191.62 | NOTE | |
r-release-macos-arm64 | 1.0 | 64.00 | OK | |||
r-release-macos-x86_64 | 1.0 | 100.00 | OK | |||
r-release-windows-x86_64 | 1.0 | 19.00 | 143.00 | 162.00 | OK | |
r-oldrel-macos-arm64 | 1.0 | 76.00 | OK | |||
r-oldrel-macos-x86_64 | 1.0 | 114.00 | OK | |||
r-oldrel-windows-x86_64 | 1.0 | 23.00 | 172.00 | 195.00 | OK |
Version: 1.0
Check: for non-standard things in the check directory
Result: NOTE
Found the following files/directories:
‘untitled_consensus_cluster’
Flavors: r-devel-linux-x86_64-debian-clang, r-devel-linux-x86_64-debian-gcc, r-devel-linux-x86_64-fedora-clang, r-devel-linux-x86_64-fedora-gcc, r-patched-linux-x86_64, r-release-linux-x86_64