Last updated on 2024-04-22 20:53:49 CEST.
Flavor | Version | Tinstall | Tcheck | Ttotal | Status | Flags |
---|---|---|---|---|---|---|
r-devel-linux-x86_64-debian-clang | 1.0 | 19.73 | 181.27 | 201.00 | NOTE | |
r-devel-linux-x86_64-debian-gcc | 1.0 | 17.13 | 129.75 | 146.88 | NOTE | |
r-devel-linux-x86_64-fedora-clang | 1.0 | 257.12 | NOTE | |||
r-devel-linux-x86_64-fedora-gcc | 1.0 | 242.47 | NOTE | |||
r-prerel-macos-arm64 | 1.0 | 64.00 | OK | |||
r-prerel-macos-x86_64 | 1.0 | 129.00 | OK | |||
r-prerel-windows-x86_64 | 1.0 | 19.00 | 139.00 | 158.00 | OK | |
r-patched-linux-x86_64 | 1.0 | 19.97 | 168.19 | 188.16 | NOTE | |
r-release-linux-x86_64 | 1.0 | 22.05 | 173.96 | 196.01 | NOTE | |
r-release-macos-arm64 | 1.0 | 76.00 | OK | |||
r-release-macos-x86_64 | 1.0 | 114.00 | OK | |||
r-release-windows-x86_64 | 1.0 | 23.00 | 169.00 | 192.00 | OK | |
r-oldrel-macos-arm64 | 1.0 | 69.00 | OK | |||
r-oldrel-windows-x86_64 | 1.0 | 25.00 | 181.00 | 206.00 | OK |
Version: 1.0
Check: for non-standard things in the check directory
Result: NOTE
Found the following files/directories:
‘untitled_consensus_cluster’
Flavors: r-devel-linux-x86_64-debian-clang, r-devel-linux-x86_64-debian-gcc, r-devel-linux-x86_64-fedora-clang, r-devel-linux-x86_64-fedora-gcc, r-patched-linux-x86_64, r-release-linux-x86_64