CRAN Package Check Results for Package scISR

Last updated on 2022-10-04 21:53:52 CEST.

Flavor Version Tinstall Tcheck Ttotal Status Flags
r-devel-linux-x86_64-debian-clang 0.1.1 11.36 78.61 89.97 OK
r-devel-linux-x86_64-debian-gcc 0.1.1 7.26 59.42 66.68 OK
r-devel-linux-x86_64-fedora-clang 0.1.1 124.35 NOTE
r-devel-linux-x86_64-fedora-gcc 0.1.1 113.25 NOTE
r-devel-windows-x86_64 0.1.1 15.00 100.00 115.00 OK
r-patched-linux-x86_64 0.1.1 9.48 75.00 84.48 OK
r-release-linux-x86_64 0.1.1 10.36 74.74 85.10 OK
r-release-macos-arm64 0.1.1 36.00 NOTE
r-release-macos-x86_64 0.1.1 48.00 NOTE
r-release-windows-x86_64 0.1.1 16.00 102.00 118.00 OK
r-oldrel-macos-arm64 0.1.1 32.00 NOTE
r-oldrel-macos-x86_64 0.1.1 46.00 NOTE
r-oldrel-windows-ix86+x86_64 0.1.1 21.00 98.00 119.00 OK

Check Details

Version: 0.1.1
Check: dependencies in R code
Result: NOTE
    Namespace in Imports field not imported from: ‘markdown’
     All declared Imports should be used.
Flavors: r-devel-linux-x86_64-fedora-clang, r-devel-linux-x86_64-fedora-gcc, r-release-macos-arm64, r-release-macos-x86_64, r-oldrel-macos-arm64, r-oldrel-macos-x86_64