Last updated on 2024-04-24 20:54:22 CEST.
Flavor | Version | Tinstall | Tcheck | Ttotal | Status | Flags |
---|---|---|---|---|---|---|
r-devel-linux-x86_64-debian-clang | 0.1.1 | 10.76 | 157.33 | 168.09 | NOTE | |
r-devel-linux-x86_64-debian-gcc | 0.1.1 | 7.42 | 109.65 | 117.07 | NOTE | |
r-devel-linux-x86_64-fedora-clang | 0.1.1 | 200.17 | NOTE | |||
r-devel-linux-x86_64-fedora-gcc | 0.1.1 | 210.47 | NOTE | |||
r-devel-windows-x86_64 | 0.1.1 | 10.00 | 123.00 | 133.00 | NOTE | |
r-patched-linux-x86_64 | 0.1.1 | 10.68 | 142.27 | 152.95 | NOTE | |
r-release-linux-x86_64 | 0.1.1 | 10.37 | 147.40 | 157.77 | NOTE | |
r-release-macos-arm64 | 0.1.1 | 65.00 | NOTE | |||
r-release-windows-x86_64 | 0.1.1 | 9.00 | 118.00 | 127.00 | NOTE | |
r-oldrel-macos-arm64 | 0.1.1 | 52.00 | NOTE | |||
r-oldrel-macos-x86_64 | 0.1.1 | 110.00 | NOTE | |||
r-oldrel-windows-x86_64 | 0.1.1 | 12.00 | 143.00 | 155.00 | NOTE |
Version: 0.1.1
Check: LazyData
Result: NOTE
'LazyData' is specified without a 'data' directory
Flavors: r-devel-linux-x86_64-debian-clang, r-devel-linux-x86_64-debian-gcc, r-devel-linux-x86_64-fedora-clang, r-devel-linux-x86_64-fedora-gcc, r-devel-windows-x86_64, r-patched-linux-x86_64, r-release-linux-x86_64, r-release-macos-arm64, r-release-windows-x86_64, r-oldrel-macos-arm64, r-oldrel-macos-x86_64, r-oldrel-windows-x86_64