CRAN Package Check Results for Package scCustomize

Last updated on 2024-06-12 20:59:14 CEST.

Flavor Version Tinstall Tcheck Ttotal Status Flags
r-devel-linux-x86_64-debian-clang 2.1.2 49.92 352.56 402.48 OK
r-devel-linux-x86_64-debian-gcc 2.1.2 0.59 1.81 2.40 ERROR
r-devel-linux-x86_64-fedora-clang 2.1.2 532.66 NOTE
r-devel-linux-x86_64-fedora-gcc 2.1.2 473.74 OK
r-devel-windows-x86_64 2.1.2 36.00 290.00 326.00 OK
r-patched-linux-x86_64 2.1.2 47.97 338.08 386.05 OK
r-release-linux-x86_64 2.1.2 28.33 342.57 370.90 OK
r-release-macos-arm64 2.1.2 118.00 NOTE
r-release-macos-x86_64 2.1.2 195.00 OK
r-release-windows-x86_64 2.1.2 37.00 301.00 338.00 OK
r-oldrel-macos-arm64 2.1.2 138.00 NOTE
r-oldrel-macos-x86_64 2.1.2 285.00 NOTE
r-oldrel-windows-x86_64 2.1.2 50.00 376.00 426.00 OK

Check Details

Version: 2.1.2
Check: package dependencies
Result: ERROR Packages required but not available: 'Seurat', 'cowplot', 'dplyr', 'forcats', 'ggbeeswarm', 'ggplot2', 'ggprism', 'ggrastr', 'ggrepel', 'janitor', 'paletteer', 'patchwork', 'purrr', 'scattermore', 'stringr', 'tibble', 'tidyr' Packages suggested but not available for checking: 'BiocFileCache', 'dittoSeq', 'ggpubr', 'Nebulosa', 'rliger', 'tidyselect', 'viridis' See section ‘The DESCRIPTION file’ in the ‘Writing R Extensions’ manual. Flavor: r-devel-linux-x86_64-debian-gcc

Version: 2.1.2
Check: package dependencies
Result: NOTE Imports includes 28 non-default packages. Importing from so many packages makes the package vulnerable to any of them becoming unavailable. Move as many as possible to Suggests and use conditionally. Flavor: r-devel-linux-x86_64-fedora-clang

Version: 2.1.2
Check: package dependencies
Result: NOTE Packages suggested but not available for checking: 'dittoSeq', 'DropletUtils', 'Nebulosa' Flavors: r-release-macos-arm64, r-oldrel-macos-arm64, r-oldrel-macos-x86_64

Version: 2.1.2
Check: Rd cross-references
Result: NOTE Packages unavailable to check Rd xrefs: ‘DropletUtils’, ‘Nebulosa’ Flavors: r-release-macos-arm64, r-oldrel-macos-arm64, r-oldrel-macos-x86_64