Last updated on 2023-09-22 20:52:05 CEST.
Flavor | Version | Tinstall | Tcheck | Ttotal | Status | Flags |
---|---|---|---|---|---|---|
r-devel-linux-x86_64-debian-clang | 1.1.5 | 13.16 | 85.72 | 98.88 | NOTE | |
r-devel-linux-x86_64-debian-gcc | 1.1.5 | 9.46 | 64.25 | 73.71 | NOTE | |
r-devel-linux-x86_64-fedora-clang | 1.1.5 | 116.38 | NOTE | |||
r-devel-linux-x86_64-fedora-gcc | 1.1.5 | 116.94 | NOTE | |||
r-devel-windows-x86_64 | 1.1.5 | 10.00 | 76.00 | 86.00 | NOTE | |
r-patched-linux-x86_64 | 1.1.5 | 9.60 | 81.45 | 91.05 | NOTE | |
r-release-linux-x86_64 | 1.1.5 | 9.76 | 81.74 | 91.50 | NOTE | |
r-release-macos-arm64 | 1.1.5 | 35.00 | NOTE | |||
r-release-macos-x86_64 | 1.1.5 | 55.00 | NOTE | |||
r-release-windows-x86_64 | 1.1.5 | 13.00 | 94.00 | 107.00 | NOTE | |
r-oldrel-macos-arm64 | 1.1.5 | 35.00 | NOTE | |||
r-oldrel-macos-x86_64 | 1.1.5 | 47.00 | NOTE | |||
r-oldrel-windows-x86_64 | 1.1.5 | 19.00 | 92.00 | 111.00 | NOTE |
Version: 1.1.5
Check: package dependencies
Result: NOTE
Packages which this enhances but not available for checking:
'gurobi', 'pogs'
Flavors: r-devel-linux-x86_64-debian-clang, r-devel-linux-x86_64-debian-gcc, r-patched-linux-x86_64, r-release-linux-x86_64
Version: 1.1.5
Check: package dependencies
Result: NOTE
Packages which this enhances but not available for checking:
'gurobi', 'Rcplex', 'pogs'
Flavors: r-devel-linux-x86_64-fedora-clang, r-devel-linux-x86_64-fedora-gcc, r-devel-windows-x86_64, r-release-macos-arm64, r-release-macos-x86_64, r-release-windows-x86_64, r-oldrel-macos-arm64, r-oldrel-macos-x86_64, r-oldrel-windows-x86_64