Last updated on 2023-11-29 19:54:20 CET.
Flavor | Version | Tinstall | Tcheck | Ttotal | Status | Flags |
---|---|---|---|---|---|---|
r-devel-linux-x86_64-debian-clang | 0.4.5 | 47.27 | 522.08 | 569.35 | NOTE | |
r-devel-linux-x86_64-debian-gcc | 0.4.5 | 36.16 | 384.32 | 420.48 | NOTE | |
r-devel-linux-x86_64-fedora-clang | 0.4.5 | 727.72 | NOTE | |||
r-devel-linux-x86_64-fedora-gcc | 0.4.5 | 696.87 | NOTE | |||
r-devel-windows-x86_64 | 0.4.5 | 39.00 | 215.00 | 254.00 | NOTE | |
r-patched-linux-x86_64 | 0.4.5 | 42.45 | 498.32 | 540.77 | NOTE | |
r-release-linux-x86_64 | 0.4.5 | 41.35 | 507.03 | 548.38 | NOTE | |
r-release-macos-arm64 | 0.4.5 | 183.00 | NOTE | |||
r-release-macos-x86_64 | 0.4.5 | 312.00 | NOTE | |||
r-release-windows-x86_64 | 0.4.5 | 55.00 | 281.00 | 336.00 | NOTE | |
r-oldrel-macos-arm64 | 0.4.5 | 159.00 | OK | |||
r-oldrel-macos-x86_64 | 0.4.5 | 234.00 | OK | |||
r-oldrel-windows-x86_64 | 0.4.5 | 53.00 | 269.00 | 322.00 | OK |
Version: 0.4.5
Check: C++ specification
Result: NOTE
Specified C++11: please drop specification unless essential
Flavors: r-devel-linux-x86_64-debian-clang, r-devel-linux-x86_64-debian-gcc, r-devel-linux-x86_64-fedora-clang, r-devel-linux-x86_64-fedora-gcc, r-devel-windows-x86_64, r-patched-linux-x86_64, r-release-linux-x86_64, r-release-macos-arm64, r-release-macos-x86_64, r-release-windows-x86_64
Version: 0.4.5
Check: Rd files
Result: NOTE
checkRd: (-1) BipartiteSBM_fit.Rd:16: Lost braces in \itemize; meant \describe ?
checkRd: (-1) BipartiteSBM_fit.Rd:17: Lost braces in \itemize; meant \describe ?
checkRd: (-1) BipartiteSBM_fit.Rd:18: Lost braces in \itemize; meant \describe ?
checkRd: (-1) BipartiteSBM_fit.Rd:19: Lost braces in \itemize; meant \describe ?
checkRd: (-1) BipartiteSBM_fit.Rd:20: Lost braces in \itemize; meant \describe ?
checkRd: (-1) BipartiteSBM_fit.Rd:21: Lost braces in \itemize; meant \describe ?
checkRd: (-1) BipartiteSBM_fit.Rd:22: Lost braces in \itemize; meant \describe ?
checkRd: (-1) MultipartiteSBM_fit.Rd:16: Lost braces in \itemize; meant \describe ?
checkRd: (-1) MultipartiteSBM_fit.Rd:17: Lost braces in \itemize; meant \describe ?
checkRd: (-1) MultipartiteSBM_fit.Rd:18: Lost braces in \itemize; meant \describe ?
checkRd: (-1) MultipartiteSBM_fit.Rd:19: Lost braces in \itemize; meant \describe ?
checkRd: (-1) MultipartiteSBM_fit.Rd:20: Lost braces in \itemize; meant \describe ?
checkRd: (-1) MultipartiteSBM_fit.Rd:21: Lost braces in \itemize; meant \describe ?
checkRd: (-1) MultiplexSBM_fit.Rd:16: Lost braces in \itemize; meant \describe ?
checkRd: (-1) MultiplexSBM_fit.Rd:17: Lost braces in \itemize; meant \describe ?
checkRd: (-1) MultiplexSBM_fit.Rd:18: Lost braces in \itemize; meant \describe ?
checkRd: (-1) MultiplexSBM_fit.Rd:19: Lost braces in \itemize; meant \describe ?
checkRd: (-1) MultiplexSBM_fit.Rd:20: Lost braces in \itemize; meant \describe ?
checkRd: (-1) MultiplexSBM_fit.Rd:21: Lost braces in \itemize; meant \describe ?
checkRd: (-1) SimpleSBM_fit.Rd:16: Lost braces in \itemize; meant \describe ?
checkRd: (-1) SimpleSBM_fit.Rd:17: Lost braces in \itemize; meant \describe ?
checkRd: (-1) SimpleSBM_fit.Rd:18: Lost braces in \itemize; meant \describe ?
checkRd: (-1) SimpleSBM_fit.Rd:19: Lost braces in \itemize; meant \describe ?
checkRd: (-1) SimpleSBM_fit.Rd:20: Lost braces in \itemize; meant \describe ?
checkRd: (-1) SimpleSBM_fit.Rd:21: Lost braces in \itemize; meant \describe ?
checkRd: (-1) SimpleSBM_fit.Rd:22: Lost braces in \itemize; meant \describe ?
checkRd: (-1) estimateBipartiteSBM.Rd:36: Lost braces in \itemize; meant \describe ?
checkRd: (-1) estimateBipartiteSBM.Rd:37: Lost braces in \itemize; meant \describe ?
checkRd: (-1) estimateBipartiteSBM.Rd:38: Lost braces in \itemize; meant \describe ?
checkRd: (-1) estimateBipartiteSBM.Rd:39: Lost braces in \itemize; meant \describe ?
checkRd: (-1) estimateBipartiteSBM.Rd:40: Lost braces in \itemize; meant \describe ?
checkRd: (-1) estimateBipartiteSBM.Rd:41: Lost braces in \itemize; meant \describe ?
checkRd: (-1) estimateBipartiteSBM.Rd:42: Lost braces in \itemize; meant \describe ?
checkRd: (-1) estimateMultipartiteSBM.Rd:23: Lost braces in \itemize; meant \describe ?
checkRd: (-1) estimateMultipartiteSBM.Rd:24: Lost braces in \itemize; meant \describe ?
checkRd: (-1) estimateMultipartiteSBM.Rd:25: Lost braces in \itemize; meant \describe ?
checkRd: (-1) estimateMultipartiteSBM.Rd:26: Lost braces in \itemize; meant \describe ?
checkRd: (-1) estimateMultipartiteSBM.Rd:27: Lost braces in \itemize; meant \describe ?
checkRd: (-1) estimateMultipartiteSBM.Rd:28: Lost braces in \itemize; meant \describe ?
checkRd: (-1) estimateMultiplexSBM.Rd:25: Lost braces in \itemize; meant \describe ?
checkRd: (-1) estimateMultiplexSBM.Rd:26: Lost braces in \itemize; meant \describe ?
checkRd: (-1) estimateMultiplexSBM.Rd:27: Lost braces in \itemize; meant \describe ?
checkRd: (-1) estimateMultiplexSBM.Rd:28: Lost braces in \itemize; meant \describe ?
checkRd: (-1) estimateMultiplexSBM.Rd:29: Lost braces in \itemize; meant \describe ?
checkRd: (-1) estimateMultiplexSBM.Rd:30: Lost braces in \itemize; meant \describe ?
checkRd: (-1) estimateMultiplexSBM.Rd:31: Lost braces in \itemize; meant \describe ?
checkRd: (-1) estimateMultiplexSBM.Rd:32: Lost braces in \itemize; meant \describe ?
checkRd: (-1) estimateMultiplexSBM.Rd:33: Lost braces in \itemize; meant \describe ?
checkRd: (-1) estimateMultiplexSBM.Rd:34: Lost braces in \itemize; meant \describe ?
checkRd: (-1) estimateMultiplexSBM.Rd:35: Lost braces in \itemize; meant \describe ?
checkRd: (-1) estimateMultiplexSBM.Rd:36: Lost braces in \itemize; meant \describe ?
checkRd: (-1) estimateSimpleSBM.Rd:39: Lost braces in \itemize; meant \describe ?
checkRd: (-1) estimateSimpleSBM.Rd:40: Lost braces in \itemize; meant \describe ?
checkRd: (-1) estimateSimpleSBM.Rd:41: Lost braces in \itemize; meant \describe ?
checkRd: (-1) estimateSimpleSBM.Rd:42: Lost braces in \itemize; meant \describe ?
checkRd: (-1) estimateSimpleSBM.Rd:43: Lost braces in \itemize; meant \describe ?
checkRd: (-1) estimateSimpleSBM.Rd:44: Lost braces in \itemize; meant \describe ?
checkRd: (-1) estimateSimpleSBM.Rd:45: Lost braces in \itemize; meant \describe ?
checkRd: (-1) estimateSimpleSBM.Rd:46: Lost braces in \itemize; meant \describe ?
checkRd: (-1) plot.SBM.Rd:35: Lost braces in \itemize; meant \describe ?
checkRd: (-1) plot.SBM.Rd:36: Lost braces in \itemize; meant \describe ?
checkRd: (-1) plot.SBM.Rd:37: Lost braces in \itemize; meant \describe ?
checkRd: (-1) plot.SBM.Rd:38: Lost braces in \itemize; meant \describe ?
checkRd: (-1) plot.SBM.Rd:39: Lost braces in \itemize; meant \describe ?
checkRd: (-1) plot.SBM.Rd:40: Lost braces in \itemize; meant \describe ?
checkRd: (-1) plot.SBM.Rd:41: Lost braces in \itemize; meant \describe ?
checkRd: (-1) plot.SBM.Rd:42: Lost braces in \itemize; meant \describe ?
checkRd: (-1) plot.SBM.Rd:43: Lost braces in \itemize; meant \describe ?
checkRd: (-1) plot.SBM.Rd:44: Lost braces in \itemize; meant \describe ?
checkRd: (-1) plot.SBM.Rd:45: Lost braces in \itemize; meant \describe ?
checkRd: (-1) plot.SBM.Rd:46: Lost braces in \itemize; meant \describe ?
checkRd: (-1) plot.SBM.Rd:47: Lost braces in \itemize; meant \describe ?
checkRd: (-1) plot.SBM.Rd:48: Lost braces in \itemize; meant \describe ?
checkRd: (-1) plot.SBM.Rd:49: Lost braces in \itemize; meant \describe ?
checkRd: (-1) plot.SBM.Rd:50: Lost braces in \itemize; meant \describe ?
checkRd: (-1) plot.SBM.Rd:51: Lost braces in \itemize; meant \describe ?
checkRd: (-1) plot.SBM.Rd:52: Lost braces in \itemize; meant \describe ?
checkRd: (-1) plot.SBM.Rd:53: Lost braces in \itemize; meant \describe ?
checkRd: (-1) plot.SBM.Rd:54: Lost braces in \itemize; meant \describe ?
checkRd: (-1) plot.SBM.Rd:55: Lost braces in \itemize; meant \describe ?
checkRd: (-1) plot.SBM.Rd:59: Lost braces in \itemize; meant \describe ?
checkRd: (-1) plot.SBM.Rd:60: Lost braces in \itemize; meant \describe ?
checkRd: (-1) plot.SBM.Rd:61: Lost braces in \itemize; meant \describe ?
checkRd: (-1) plot.SBM.Rd:62: Lost braces in \itemize; meant \describe ?
checkRd: (-1) plot.SBM.Rd:63: Lost braces in \itemize; meant \describe ?
checkRd: (-1) plot.SBM.Rd:64: Lost braces in \itemize; meant \describe ?
checkRd: (-1) plot.SBM.Rd:65: Lost braces in \itemize; meant \describe ?
checkRd: (-1) plot.SBM.Rd:66: Lost braces in \itemize; meant \describe ?
checkRd: (-1) plotAlluvial.Rd:23: Lost braces in \itemize; meant \describe ?
checkRd: (-1) plotAlluvial.Rd:24: Lost braces in \itemize; meant \describe ?
checkRd: (-1) plotAlluvial.Rd:25: Lost braces in \itemize; meant \describe ?
checkRd: (-1) plotAlluvial.Rd:26: Lost braces in \itemize; meant \describe ?
checkRd: (-1) plotAlluvial.Rd:27: Lost braces in \itemize; meant \describe ?
checkRd: (-1) plotMyMatrix.Rd:32: Lost braces in \itemize; meant \describe ?
checkRd: (-1) plotMyMatrix.Rd:33: Lost braces in \itemize; meant \describe ?
checkRd: (-1) plotMyMatrix.Rd:34: Lost braces in \itemize; meant \describe ?
checkRd: (-1) plotMyMatrix.Rd:35: Lost braces in \itemize; meant \describe ?
checkRd: (-1) plotMyMatrix.Rd:36: Lost braces in \itemize; meant \describe ?
checkRd: (-1) plotMyMatrix.Rd:37: Lost braces in \itemize; meant \describe ?
checkRd: (-1) plotMyMatrix.Rd:38: Lost braces in \itemize; meant \describe ?
checkRd: (-1) plotMyMatrix.Rd:39: Lost braces in \itemize; meant \describe ?
checkRd: (-1) plotMyMultipartiteMatrix.Rd:25: Lost braces in \itemize; meant \describe ?
checkRd: (-1) plotMyMultipartiteMatrix.Rd:26: Lost braces in \itemize; meant \describe ?
checkRd: (-1) plotMyMultipartiteMatrix.Rd:27: Lost braces in \itemize; meant \describe ?
checkRd: (-1) plotMyMultipartiteMatrix.Rd:28: Lost braces in \itemize; meant \describe ?
checkRd: (-1) plotMyMultipartiteMatrix.Rd:29: Lost braces in \itemize; meant \describe ?
checkRd: (-1) plotMyMultipartiteMatrix.Rd:30: Lost braces in \itemize; meant \describe ?
checkRd: (-1) plotMyMultipartiteMatrix.Rd:31: Lost braces in \itemize; meant \describe ?
checkRd: (-1) plotMyMultipartiteMatrix.Rd:32: Lost braces in \itemize; meant \describe ?
checkRd: (-1) plotMyMultipartiteMatrix.Rd:33: Lost braces in \itemize; meant \describe ?
checkRd: (-1) plotMyMultiplexMatrix.Rd:25: Lost braces in \itemize; meant \describe ?
checkRd: (-1) plotMyMultiplexMatrix.Rd:26: Lost braces in \itemize; meant \describe ?
checkRd: (-1) plotMyMultiplexMatrix.Rd:27: Lost braces in \itemize; meant \describe ?
checkRd: (-1) plotMyMultiplexMatrix.Rd:28: Lost braces in \itemize; meant \describe ?
checkRd: (-1) plotMyMultiplexMatrix.Rd:29: Lost braces in \itemize; meant \describe ?
checkRd: (-1) plotMyMultiplexMatrix.Rd:30: Lost braces in \itemize; meant \describe ?
checkRd: (-1) plotMyMultiplexMatrix.Rd:31: Lost braces in \itemize; meant \describe ?
checkRd: (-1) plotMyMultiplexMatrix.Rd:32: Lost braces in \itemize; meant \describe ?
checkRd: (-1) plotMyMultiplexMatrix.Rd:33: Lost braces in \itemize; meant \describe ?
Flavors: r-devel-linux-x86_64-debian-clang, r-devel-linux-x86_64-debian-gcc