Last updated on 2024-03-27 19:57:05 CET.
Flavor | Version | Tinstall | Tcheck | Ttotal | Status | Flags |
---|---|---|---|---|---|---|
r-devel-linux-x86_64-debian-clang | 2.0.2 | 5.35 | 44.92 | 50.27 | NOTE | |
r-devel-linux-x86_64-debian-gcc | 2.0.2 | 4.13 | 34.33 | 38.46 | NOTE | |
r-devel-linux-x86_64-fedora-clang | 2.0.2 | 62.54 | NOTE | |||
r-devel-linux-x86_64-fedora-gcc | 2.0.2 | 61.92 | NOTE | |||
r-devel-windows-x86_64 | 2.0.2 | 6.00 | 60.00 | 66.00 | NOTE | |
r-patched-linux-x86_64 | 2.0.2 | 4.73 | 43.98 | 48.71 | NOTE | |
r-release-linux-x86_64 | 2.0.2 | 5.49 | 42.61 | 48.10 | NOTE | |
r-release-macos-arm64 | 2.0.2 | 25.00 | NOTE | |||
r-release-macos-x86_64 | 2.0.2 | 33.00 | NOTE | |||
r-release-windows-x86_64 | 2.0.2 | 7.00 | 63.00 | 70.00 | NOTE | |
r-oldrel-macos-arm64 | 2.0.2 | 24.00 | NOTE | |||
r-oldrel-windows-x86_64 | 2.0.2 | 8.00 | 67.00 | 75.00 | NOTE |
Version: 2.0.2
Check: LazyData
Result: NOTE
'LazyData' is specified without a 'data' directory
Flavors: r-devel-linux-x86_64-debian-clang, r-devel-linux-x86_64-debian-gcc, r-devel-linux-x86_64-fedora-clang, r-devel-linux-x86_64-fedora-gcc, r-devel-windows-x86_64, r-patched-linux-x86_64, r-release-linux-x86_64, r-release-macos-arm64, r-release-macos-x86_64, r-release-windows-x86_64, r-oldrel-macos-arm64, r-oldrel-windows-x86_64