Last updated on 2023-09-22 20:52:05 CEST.
Flavor | Version | Tinstall | Tcheck | Ttotal | Status | Flags |
---|---|---|---|---|---|---|
r-devel-linux-x86_64-debian-clang | 1.1.1 | 28.43 | 52.06 | 80.49 | OK | |
r-devel-linux-x86_64-debian-gcc | 1.1.1 | 20.04 | 37.70 | 57.74 | OK | |
r-devel-linux-x86_64-fedora-clang | 1.1.1 | 110.80 | NOTE | |||
r-devel-linux-x86_64-fedora-gcc | 1.1.1 | 110.61 | NOTE | |||
r-devel-windows-x86_64 | 1.1.1 | 25.00 | 77.00 | 102.00 | OK | |
r-patched-linux-x86_64 | 1.1.1 | 32.08 | 51.40 | 83.48 | OK | |
r-release-linux-x86_64 | 1.1.1 | 28.74 | 51.70 | 80.44 | OK | |
r-release-macos-arm64 | 1.1.1 | 33.00 | OK | |||
r-release-macos-x86_64 | 1.1.1 | 49.00 | OK | |||
r-release-windows-x86_64 | 1.1.1 | 31.00 | 85.00 | 116.00 | OK | |
r-oldrel-macos-arm64 | 1.1.1 | 30.00 | OK | |||
r-oldrel-macos-x86_64 | 1.1.1 | 42.00 | OK | |||
r-oldrel-windows-x86_64 | 1.1.1 | 29.00 | 82.00 | 111.00 | OK |
Version: 1.1.1
Check: compiled code
Result: NOTE
File ‘saturnin/libs/saturnin.so’:
Found no calls to: ‘R_registerRoutines’, ‘R_useDynamicSymbols’
It is good practice to register native routines and to disable symbol
search.
See ‘Writing portable packages’ in the ‘Writing R Extensions’ manual.
Flavors: r-devel-linux-x86_64-fedora-clang, r-devel-linux-x86_64-fedora-gcc